{"id":1197,"date":"2022-03-01T14:35:49","date_gmt":"2022-03-01T13:35:49","guid":{"rendered":"https:\/\/web.gruene-zh.ch\/waedenswil\/?page_id=1197"},"modified":"2026-03-12T18:07:45","modified_gmt":"2026-03-12T17:07:45","slug":"lernen-sie-uns-kennen","status":"publish","type":"page","link":"https:\/\/web.gruene-zh.ch\/waedenswil\/ueber-uns\/lernen-sie-uns-kennen","title":{"rendered":"Lerne uns kennen"},"content":{"rendered":"","protected":false},"excerpt":{"rendered":"","protected":false},"author":14,"featured_media":1908,"parent":525,"menu_order":5,"comment_status":"closed","ping_status":"closed","template":"","meta":{"_acf_changed":false,"inline_featured_image":false,"footnotes":""},"class_list":["post-1197","page","type-page","status-publish","has-post-thumbnail","hentry"],"acf":[],"yoast_head":"<!-- This site is optimized with the Yoast SEO plugin v26.9 - https:\/\/yoast.com\/product\/yoast-seo-wordpress\/ -->\n<title>Lerne uns kennen - GR\u00dcNE W\u00e4denswil<\/title>\n<meta name=\"description\" content=\"Die Gr\u00fcnen W\u00e4denswil - pers\u00f6nlich und politisch\" \/>\n<meta name=\"robots\" content=\"index, follow, max-snippet:-1, max-image-preview:large, max-video-preview:-1\" \/>\n<link rel=\"canonical\" href=\"https:\/\/web.gruene-zh.ch\/waedenswil\/ueber-uns\/lernen-sie-uns-kennen\" \/>\n<meta property=\"og:locale\" content=\"de_DE\" \/>\n<meta property=\"og:type\" content=\"article\" \/>\n<meta property=\"og:title\" content=\"Lerne uns kennen - GR\u00dcNE W\u00e4denswil\" \/>\n<meta property=\"og:description\" content=\"Die Gr\u00fcnen W\u00e4denswil - pers\u00f6nlich und politisch\" \/>\n<meta property=\"og:url\" content=\"https:\/\/web.gruene-zh.ch\/waedenswil\/ueber-uns\/lernen-sie-uns-kennen\" \/>\n<meta property=\"og:site_name\" content=\"GR\u00dcNE W\u00e4denswil\" \/>\n<meta property=\"article:modified_time\" content=\"2026-03-12T17:07:45+00:00\" \/>\n<meta property=\"og:image\" content=\"https:\/\/web.gruene-zh.ch\/waedenswil\/wp-content\/uploads\/sites\/9\/2025\/08\/claudia_ueli_interview_screenshot-1-1200x630-c-center.jpg\" \/>\n\t<meta property=\"og:image:width\" content=\"1200\" \/>\n\t<meta property=\"og:image:height\" content=\"630\" \/>\n\t<meta property=\"og:image:type\" content=\"image\/png\" \/>\n<meta name=\"twitter:card\" content=\"summary_large_image\" \/>\n<meta name=\"twitter:label1\" content=\"Gesch\u00e4tzte Lesezeit\" \/>\n\t<meta name=\"twitter:data1\" content=\"1\u00a0Minute\" \/>\n<script type=\"application\/ld+json\" class=\"yoast-schema-graph\">{\"@context\":\"https:\/\/schema.org\",\"@graph\":[{\"@type\":\"WebPage\",\"@id\":\"https:\/\/web.gruene-zh.ch\/waedenswil\/ueber-uns\/lernen-sie-uns-kennen\",\"url\":\"https:\/\/web.gruene-zh.ch\/waedenswil\/ueber-uns\/lernen-sie-uns-kennen\",\"name\":\"Lerne uns kennen - GR\u00dcNE W\u00e4denswil\",\"isPartOf\":{\"@id\":\"https:\/\/web.gruene-zh.ch\/waedenswil\/#website\"},\"primaryImageOfPage\":{\"@id\":\"https:\/\/web.gruene-zh.ch\/waedenswil\/ueber-uns\/lernen-sie-uns-kennen#primaryimage\"},\"image\":{\"@id\":\"https:\/\/web.gruene-zh.ch\/waedenswil\/ueber-uns\/lernen-sie-uns-kennen#primaryimage\"},\"thumbnailUrl\":\"https:\/\/web.gruene-zh.ch\/waedenswil\/wp-content\/uploads\/sites\/9\/2025\/08\/claudia_ueli_interview_screenshot-1-e1755816417416-2560x0-c-default.png\",\"datePublished\":\"2022-03-01T13:35:49+00:00\",\"dateModified\":\"2026-03-12T17:07:45+00:00\",\"description\":\"Die Gr\u00fcnen W\u00e4denswil - pers\u00f6nlich und politisch\",\"breadcrumb\":{\"@id\":\"https:\/\/web.gruene-zh.ch\/waedenswil\/ueber-uns\/lernen-sie-uns-kennen#breadcrumb\"},\"inLanguage\":\"de\",\"potentialAction\":[{\"@type\":\"ReadAction\",\"target\":[\"https:\/\/web.gruene-zh.ch\/waedenswil\/ueber-uns\/lernen-sie-uns-kennen\"]}]},{\"@type\":\"ImageObject\",\"inLanguage\":\"de\",\"@id\":\"https:\/\/web.gruene-zh.ch\/waedenswil\/ueber-uns\/lernen-sie-uns-kennen#primaryimage\",\"url\":\"https:\/\/web.gruene-zh.ch\/waedenswil\/wp-content\/uploads\/sites\/9\/2025\/08\/claudia_ueli_interview_screenshot-1-e1755816417416-2560x0-c-default.png\",\"contentUrl\":\"https:\/\/web.gruene-zh.ch\/waedenswil\/wp-content\/uploads\/sites\/9\/2025\/08\/claudia_ueli_interview_screenshot-1-e1755816417416-2560x0-c-default.png\",\"width\":1190,\"height\":363},{\"@type\":\"BreadcrumbList\",\"@id\":\"https:\/\/web.gruene-zh.ch\/waedenswil\/ueber-uns\/lernen-sie-uns-kennen#breadcrumb\",\"itemListElement\":[{\"@type\":\"ListItem\",\"position\":1,\"name\":\"Startseite\",\"item\":\"https:\/\/web.gruene-zh.ch\/waedenswil\/\"},{\"@type\":\"ListItem\",\"position\":2,\"name\":\"\u00dcber uns\",\"item\":\"https:\/\/web.gruene-zh.ch\/waedenswil\/ueber-uns\"},{\"@type\":\"ListItem\",\"position\":3,\"name\":\"Lerne uns kennen\"}]},{\"@type\":\"WebSite\",\"@id\":\"https:\/\/web.gruene-zh.ch\/waedenswil\/#website\",\"url\":\"https:\/\/web.gruene-zh.ch\/waedenswil\/\",\"name\":\"GR\u00dcNE W\u00e4denswil\",\"description\":\"F\u00fcr Lebensqualit\u00e4t in W\u00e4denswil\",\"potentialAction\":[{\"@type\":\"SearchAction\",\"target\":{\"@type\":\"EntryPoint\",\"urlTemplate\":\"https:\/\/web.gruene-zh.ch\/waedenswil\/?s={search_term_string}\"},\"query-input\":{\"@type\":\"PropertyValueSpecification\",\"valueRequired\":true,\"valueName\":\"search_term_string\"}}],\"inLanguage\":\"de\"}]}<\/script>\n<!-- \/ Yoast SEO plugin. -->","yoast_head_json":{"title":"Lerne uns kennen - GR\u00dcNE W\u00e4denswil","description":"Die Gr\u00fcnen W\u00e4denswil - pers\u00f6nlich und politisch","robots":{"index":"index","follow":"follow","max-snippet":"max-snippet:-1","max-image-preview":"max-image-preview:large","max-video-preview":"max-video-preview:-1"},"canonical":"https:\/\/web.gruene-zh.ch\/waedenswil\/ueber-uns\/lernen-sie-uns-kennen","og_locale":"de_DE","og_type":"article","og_title":"Lerne uns kennen - GR\u00dcNE W\u00e4denswil","og_description":"Die Gr\u00fcnen W\u00e4denswil - pers\u00f6nlich und politisch","og_url":"https:\/\/web.gruene-zh.ch\/waedenswil\/ueber-uns\/lernen-sie-uns-kennen","og_site_name":"GR\u00dcNE W\u00e4denswil","article_modified_time":"2026-03-12T17:07:45+00:00","og_image":[{"width":1200,"height":630,"url":"https:\/\/web.gruene-zh.ch\/waedenswil\/wp-content\/uploads\/sites\/9\/2025\/08\/claudia_ueli_interview_screenshot-1-1200x630-c-center.jpg","type":"image\/png"}],"twitter_card":"summary_large_image","twitter_misc":{"Gesch\u00e4tzte Lesezeit":"1\u00a0Minute"},"schema":{"@context":"https:\/\/schema.org","@graph":[{"@type":"WebPage","@id":"https:\/\/web.gruene-zh.ch\/waedenswil\/ueber-uns\/lernen-sie-uns-kennen","url":"https:\/\/web.gruene-zh.ch\/waedenswil\/ueber-uns\/lernen-sie-uns-kennen","name":"Lerne uns kennen - GR\u00dcNE W\u00e4denswil","isPartOf":{"@id":"https:\/\/web.gruene-zh.ch\/waedenswil\/#website"},"primaryImageOfPage":{"@id":"https:\/\/web.gruene-zh.ch\/waedenswil\/ueber-uns\/lernen-sie-uns-kennen#primaryimage"},"image":{"@id":"https:\/\/web.gruene-zh.ch\/waedenswil\/ueber-uns\/lernen-sie-uns-kennen#primaryimage"},"thumbnailUrl":"https:\/\/web.gruene-zh.ch\/waedenswil\/wp-content\/uploads\/sites\/9\/2025\/08\/claudia_ueli_interview_screenshot-1-e1755816417416-2560x0-c-default.png","datePublished":"2022-03-01T13:35:49+00:00","dateModified":"2026-03-12T17:07:45+00:00","description":"Die Gr\u00fcnen W\u00e4denswil - pers\u00f6nlich und politisch","breadcrumb":{"@id":"https:\/\/web.gruene-zh.ch\/waedenswil\/ueber-uns\/lernen-sie-uns-kennen#breadcrumb"},"inLanguage":"de","potentialAction":[{"@type":"ReadAction","target":["https:\/\/web.gruene-zh.ch\/waedenswil\/ueber-uns\/lernen-sie-uns-kennen"]}]},{"@type":"ImageObject","inLanguage":"de","@id":"https:\/\/web.gruene-zh.ch\/waedenswil\/ueber-uns\/lernen-sie-uns-kennen#primaryimage","url":"https:\/\/web.gruene-zh.ch\/waedenswil\/wp-content\/uploads\/sites\/9\/2025\/08\/claudia_ueli_interview_screenshot-1-e1755816417416-2560x0-c-default.png","contentUrl":"https:\/\/web.gruene-zh.ch\/waedenswil\/wp-content\/uploads\/sites\/9\/2025\/08\/claudia_ueli_interview_screenshot-1-e1755816417416-2560x0-c-default.png","width":1190,"height":363},{"@type":"BreadcrumbList","@id":"https:\/\/web.gruene-zh.ch\/waedenswil\/ueber-uns\/lernen-sie-uns-kennen#breadcrumb","itemListElement":[{"@type":"ListItem","position":1,"name":"Startseite","item":"https:\/\/web.gruene-zh.ch\/waedenswil\/"},{"@type":"ListItem","position":2,"name":"\u00dcber uns","item":"https:\/\/web.gruene-zh.ch\/waedenswil\/ueber-uns"},{"@type":"ListItem","position":3,"name":"Lerne uns kennen"}]},{"@type":"WebSite","@id":"https:\/\/web.gruene-zh.ch\/waedenswil\/#website","url":"https:\/\/web.gruene-zh.ch\/waedenswil\/","name":"GR\u00dcNE W\u00e4denswil","description":"F\u00fcr Lebensqualit\u00e4t in W\u00e4denswil","potentialAction":[{"@type":"SearchAction","target":{"@type":"EntryPoint","urlTemplate":"https:\/\/web.gruene-zh.ch\/waedenswil\/?s={search_term_string}"},"query-input":{"@type":"PropertyValueSpecification","valueRequired":true,"valueName":"search_term_string"}}],"inLanguage":"de"}]}},"_links":{"self":[{"href":"https:\/\/web.gruene-zh.ch\/waedenswil\/wp-json\/wp\/v2\/pages\/1197","targetHints":{"allow":["GET"]}}],"collection":[{"href":"https:\/\/web.gruene-zh.ch\/waedenswil\/wp-json\/wp\/v2\/pages"}],"about":[{"href":"https:\/\/web.gruene-zh.ch\/waedenswil\/wp-json\/wp\/v2\/types\/page"}],"author":[{"embeddable":true,"href":"https:\/\/web.gruene-zh.ch\/waedenswil\/wp-json\/wp\/v2\/users\/14"}],"replies":[{"embeddable":true,"href":"https:\/\/web.gruene-zh.ch\/waedenswil\/wp-json\/wp\/v2\/comments?post=1197"}],"version-history":[{"count":21,"href":"https:\/\/web.gruene-zh.ch\/waedenswil\/wp-json\/wp\/v2\/pages\/1197\/revisions"}],"predecessor-version":[{"id":2352,"href":"https:\/\/web.gruene-zh.ch\/waedenswil\/wp-json\/wp\/v2\/pages\/1197\/revisions\/2352"}],"up":[{"embeddable":true,"href":"https:\/\/web.gruene-zh.ch\/waedenswil\/wp-json\/wp\/v2\/pages\/525"}],"wp:featuredmedia":[{"embeddable":true,"href":"https:\/\/web.gruene-zh.ch\/waedenswil\/wp-json\/wp\/v2\/media\/1908"}],"wp:attachment":[{"href":"https:\/\/web.gruene-zh.ch\/waedenswil\/wp-json\/wp\/v2\/media?parent=1197"}],"curies":[{"name":"wp","href":"https:\/\/api.w.org\/{rel}","templated":true}]}}

<!-- This site is optimized with the Yoast SEO plugin v26.9 - https://yoast.com/product/yoast-seo-wordpress/ -->
<title>Lerne uns kennen - GRÜNE Wädenswil</title>
<meta name="description" content="Die Grünen Wädenswil - persönlich und politisch" />
<meta name="robots" content="index, follow, max-snippet:-1, max-image-preview:large, max-video-preview:-1" />
<link rel="canonical" href="https://web.gruene-zh.ch/waedenswil/ueber-uns/lernen-sie-uns-kennen" />
<meta property="og:locale" content="de_DE" />
<meta property="og:type" content="article" />
<meta property="og:title" content="Lerne uns kennen - GRÜNE Wädenswil" />
<meta property="og:description" content="Die Grünen Wädenswil - persönlich und politisch" />
<meta property="og:url" content="https://web.gruene-zh.ch/waedenswil/ueber-uns/lernen-sie-uns-kennen" />
<meta property="og:site_name" content="GRÜNE Wädenswil" />
<meta property="article:modified_time" content="2026-03-12T17:07:45+00:00" />
<meta property="og:image" content="https://web.gruene-zh.ch/waedenswil/wp-content/uploads/sites/9/2025/08/claudia_ueli_interview_screenshot-1-1200x630-c-center.jpg" />
	<meta property="og:image:width" content="1200" />
	<meta property="og:image:height" content="630" />
	<meta property="og:image:type" content="image/png" />
<meta name="twitter:card" content="summary_large_image" />
<meta name="twitter:label1" content="Geschätzte Lesezeit" />
	<meta name="twitter:data1" content="1 Minute" />
<script type="application/ld+json" class="yoast-schema-graph">{"@context":"https://schema.org","@graph":[{"@type":"WebPage","@id":"https://web.gruene-zh.ch/waedenswil/ueber-uns/lernen-sie-uns-kennen","url":"https://web.gruene-zh.ch/waedenswil/ueber-uns/lernen-sie-uns-kennen","name":"Lerne uns kennen - GRÜNE Wädenswil","isPartOf":{"@id":"https://web.gruene-zh.ch/waedenswil/#website"},"primaryImageOfPage":{"@id":"https://web.gruene-zh.ch/waedenswil/ueber-uns/lernen-sie-uns-kennen#primaryimage"},"image":{"@id":"https://web.gruene-zh.ch/waedenswil/ueber-uns/lernen-sie-uns-kennen#primaryimage"},"thumbnailUrl":"https://web.gruene-zh.ch/waedenswil/wp-content/uploads/sites/9/2025/08/claudia_ueli_interview_screenshot-1-e1755816417416-2560x0-c-default.png","datePublished":"2022-03-01T13:35:49+00:00","dateModified":"2026-03-12T17:07:45+00:00","description":"Die Grünen Wädenswil - persönlich und politisch","breadcrumb":{"@id":"https://web.gruene-zh.ch/waedenswil/ueber-uns/lernen-sie-uns-kennen#breadcrumb"},"inLanguage":"de","potentialAction":[{"@type":"ReadAction","target":["https://web.gruene-zh.ch/waedenswil/ueber-uns/lernen-sie-uns-kennen"]}]},{"@type":"ImageObject","inLanguage":"de","@id":"https://web.gruene-zh.ch/waedenswil/ueber-uns/lernen-sie-uns-kennen#primaryimage","url":"https://web.gruene-zh.ch/waedenswil/wp-content/uploads/sites/9/2025/08/claudia_ueli_interview_screenshot-1-e1755816417416-2560x0-c-default.png","contentUrl":"https://web.gruene-zh.ch/waedenswil/wp-content/uploads/sites/9/2025/08/claudia_ueli_interview_screenshot-1-e1755816417416-2560x0-c-default.png","width":1190,"height":363},{"@type":"BreadcrumbList","@id":"https://web.gruene-zh.ch/waedenswil/ueber-uns/lernen-sie-uns-kennen#breadcrumb","itemListElement":[{"@type":"ListItem","position":1,"name":"Startseite","item":"https://web.gruene-zh.ch/waedenswil/"},{"@type":"ListItem","position":2,"name":"Über uns","item":"https://web.gruene-zh.ch/waedenswil/ueber-uns"},{"@type":"ListItem","position":3,"name":"Lerne uns kennen"}]},{"@type":"WebSite","@id":"https://web.gruene-zh.ch/waedenswil/#website","url":"https://web.gruene-zh.ch/waedenswil/","name":"GRÜNE Wädenswil","description":"Für Lebensqualität in Wädenswil","potentialAction":[{"@type":"SearchAction","target":{"@type":"EntryPoint","urlTemplate":"https://web.gruene-zh.ch/waedenswil/?s={search_term_string}"},"query-input":{"@type":"PropertyValueSpecification","valueRequired":true,"valueName":"search_term_string"}}],"inLanguage":"de"}]}</script>
<!-- / Yoast SEO plugin. -->

Lerne uns kennen - GRÜNE Wädenswil

Die Grünen Wädenswil - persönlich und politisch

GRÜNE Wädenswil

Über uns

Für Lebensqualität in Wädenswil
