{"id":610,"date":"2021-12-17T13:49:52","date_gmt":"2021-12-17T12:49:52","guid":{"rendered":"https:\/\/web.gruene-zh.ch\/staefa\/?page_id=610"},"modified":"2026-03-09T21:53:44","modified_gmt":"2026-03-09T20:53:44","slug":"menschen-2","status":"publish","type":"page","link":"https:\/\/web.gruene-zh.ch\/staefa\/vorstand\/menschen-2","title":{"rendered":"Menschen"},"content":{"rendered":"","protected":false},"excerpt":{"rendered":"","protected":false},"author":11,"featured_media":0,"parent":525,"menu_order":0,"comment_status":"closed","ping_status":"closed","template":"","meta":{"_acf_changed":false,"inline_featured_image":false,"footnotes":""},"class_list":["post-610","page","type-page","status-publish","hentry"],"acf":[],"yoast_head":"<!-- This site is optimized with the Yoast SEO plugin v26.9 - https:\/\/yoast.com\/product\/yoast-seo-wordpress\/ -->\n<title>Menschen - GR\u00dcNE St\u00e4fa<\/title>\n<meta name=\"robots\" content=\"index, follow, max-snippet:-1, max-image-preview:large, max-video-preview:-1\" \/>\n<link rel=\"canonical\" href=\"https:\/\/web.gruene-zh.ch\/staefa\/vorstand\/menschen-2\" \/>\n<meta property=\"og:locale\" content=\"de_DE\" \/>\n<meta property=\"og:type\" content=\"article\" \/>\n<meta property=\"og:title\" content=\"Menschen - GR\u00dcNE St\u00e4fa\" \/>\n<meta property=\"og:url\" content=\"https:\/\/web.gruene-zh.ch\/staefa\/vorstand\/menschen-2\" \/>\n<meta property=\"og:site_name\" content=\"GR\u00dcNE St\u00e4fa\" \/>\n<meta property=\"article:modified_time\" content=\"2026-03-09T20:53:44+00:00\" \/>\n<meta name=\"twitter:card\" content=\"summary_large_image\" \/>\n<meta name=\"twitter:label1\" content=\"Gesch\u00e4tzte Lesezeit\" \/>\n\t<meta name=\"twitter:data1\" content=\"1\u00a0Minute\" \/>\n<script type=\"application\/ld+json\" class=\"yoast-schema-graph\">{\"@context\":\"https:\/\/schema.org\",\"@graph\":[{\"@type\":\"WebPage\",\"@id\":\"https:\/\/web.gruene-zh.ch\/staefa\/vorstand\/menschen-2\",\"url\":\"https:\/\/web.gruene-zh.ch\/staefa\/vorstand\/menschen-2\",\"name\":\"Menschen - GR\u00dcNE St\u00e4fa\",\"isPartOf\":{\"@id\":\"https:\/\/web.gruene-zh.ch\/staefa\/#website\"},\"datePublished\":\"2021-12-17T12:49:52+00:00\",\"dateModified\":\"2026-03-09T20:53:44+00:00\",\"breadcrumb\":{\"@id\":\"https:\/\/web.gruene-zh.ch\/staefa\/vorstand\/menschen-2#breadcrumb\"},\"inLanguage\":\"de\",\"potentialAction\":[{\"@type\":\"ReadAction\",\"target\":[\"https:\/\/web.gruene-zh.ch\/staefa\/vorstand\/menschen-2\"]}]},{\"@type\":\"BreadcrumbList\",\"@id\":\"https:\/\/web.gruene-zh.ch\/staefa\/vorstand\/menschen-2#breadcrumb\",\"itemListElement\":[{\"@type\":\"ListItem\",\"position\":1,\"name\":\"Startseite\",\"item\":\"https:\/\/web.gruene-zh.ch\/staefa\/\"},{\"@type\":\"ListItem\",\"position\":2,\"name\":\"Aktuell\",\"item\":\"https:\/\/web.gruene-zh.ch\/staefa\/#menu-item-544\"},{\"@type\":\"ListItem\",\"position\":3,\"name\":\"Agenda\"}]},{\"@type\":\"WebSite\",\"@id\":\"https:\/\/web.gruene-zh.ch\/staefa\/#website\",\"url\":\"https:\/\/web.gruene-zh.ch\/staefa\/\",\"name\":\"GR\u00dcNE St\u00e4fa\",\"description\":\"Ein Plus an Lebensqualit\u00e4t. \",\"potentialAction\":[{\"@type\":\"SearchAction\",\"target\":{\"@type\":\"EntryPoint\",\"urlTemplate\":\"https:\/\/web.gruene-zh.ch\/staefa\/?s={search_term_string}\"},\"query-input\":{\"@type\":\"PropertyValueSpecification\",\"valueRequired\":true,\"valueName\":\"search_term_string\"}}],\"inLanguage\":\"de\"}]}<\/script>\n<!-- \/ Yoast SEO plugin. -->","yoast_head_json":{"title":"Menschen - GR\u00dcNE St\u00e4fa","robots":{"index":"index","follow":"follow","max-snippet":"max-snippet:-1","max-image-preview":"max-image-preview:large","max-video-preview":"max-video-preview:-1"},"canonical":"https:\/\/web.gruene-zh.ch\/staefa\/vorstand\/menschen-2","og_locale":"de_DE","og_type":"article","og_title":"Menschen - GR\u00dcNE St\u00e4fa","og_url":"https:\/\/web.gruene-zh.ch\/staefa\/vorstand\/menschen-2","og_site_name":"GR\u00dcNE St\u00e4fa","article_modified_time":"2026-03-09T20:53:44+00:00","twitter_card":"summary_large_image","twitter_misc":{"Gesch\u00e4tzte Lesezeit":"1\u00a0Minute"},"schema":{"@context":"https:\/\/schema.org","@graph":[{"@type":"WebPage","@id":"https:\/\/web.gruene-zh.ch\/staefa\/vorstand\/menschen-2","url":"https:\/\/web.gruene-zh.ch\/staefa\/vorstand\/menschen-2","name":"Menschen - GR\u00dcNE St\u00e4fa","isPartOf":{"@id":"https:\/\/web.gruene-zh.ch\/staefa\/#website"},"datePublished":"2021-12-17T12:49:52+00:00","dateModified":"2026-03-09T20:53:44+00:00","breadcrumb":{"@id":"https:\/\/web.gruene-zh.ch\/staefa\/vorstand\/menschen-2#breadcrumb"},"inLanguage":"de","potentialAction":[{"@type":"ReadAction","target":["https:\/\/web.gruene-zh.ch\/staefa\/vorstand\/menschen-2"]}]},{"@type":"BreadcrumbList","@id":"https:\/\/web.gruene-zh.ch\/staefa\/vorstand\/menschen-2#breadcrumb","itemListElement":[{"@type":"ListItem","position":1,"name":"Startseite","item":"https:\/\/web.gruene-zh.ch\/staefa\/"},{"@type":"ListItem","position":2,"name":"Aktuell","item":"https:\/\/web.gruene-zh.ch\/staefa\/#menu-item-544"},{"@type":"ListItem","position":3,"name":"Agenda"}]},{"@type":"WebSite","@id":"https:\/\/web.gruene-zh.ch\/staefa\/#website","url":"https:\/\/web.gruene-zh.ch\/staefa\/","name":"GR\u00dcNE St\u00e4fa","description":"Ein Plus an Lebensqualit\u00e4t. ","potentialAction":[{"@type":"SearchAction","target":{"@type":"EntryPoint","urlTemplate":"https:\/\/web.gruene-zh.ch\/staefa\/?s={search_term_string}"},"query-input":{"@type":"PropertyValueSpecification","valueRequired":true,"valueName":"search_term_string"}}],"inLanguage":"de"}]}},"_links":{"self":[{"href":"https:\/\/web.gruene-zh.ch\/staefa\/wp-json\/wp\/v2\/pages\/610","targetHints":{"allow":["GET"]}}],"collection":[{"href":"https:\/\/web.gruene-zh.ch\/staefa\/wp-json\/wp\/v2\/pages"}],"about":[{"href":"https:\/\/web.gruene-zh.ch\/staefa\/wp-json\/wp\/v2\/types\/page"}],"author":[{"embeddable":true,"href":"https:\/\/web.gruene-zh.ch\/staefa\/wp-json\/wp\/v2\/users\/11"}],"replies":[{"embeddable":true,"href":"https:\/\/web.gruene-zh.ch\/staefa\/wp-json\/wp\/v2\/comments?post=610"}],"version-history":[{"count":3,"href":"https:\/\/web.gruene-zh.ch\/staefa\/wp-json\/wp\/v2\/pages\/610\/revisions"}],"predecessor-version":[{"id":1187,"href":"https:\/\/web.gruene-zh.ch\/staefa\/wp-json\/wp\/v2\/pages\/610\/revisions\/1187"}],"up":[{"embeddable":true,"href":"https:\/\/web.gruene-zh.ch\/staefa\/wp-json\/wp\/v2\/pages\/525"}],"wp:attachment":[{"href":"https:\/\/web.gruene-zh.ch\/staefa\/wp-json\/wp\/v2\/media?parent=610"}],"curies":[{"name":"wp","href":"https:\/\/api.w.org\/{rel}","templated":true}]}}

<!-- This site is optimized with the Yoast SEO plugin v26.9 - https://yoast.com/product/yoast-seo-wordpress/ -->
<title>Menschen - GRÜNE Stäfa</title>
<meta name="robots" content="index, follow, max-snippet:-1, max-image-preview:large, max-video-preview:-1" />
<link rel="canonical" href="https://web.gruene-zh.ch/staefa/vorstand/menschen-2" />
<meta property="og:locale" content="de_DE" />
<meta property="og:type" content="article" />
<meta property="og:title" content="Menschen - GRÜNE Stäfa" />
<meta property="og:url" content="https://web.gruene-zh.ch/staefa/vorstand/menschen-2" />
<meta property="og:site_name" content="GRÜNE Stäfa" />
<meta property="article:modified_time" content="2026-03-09T20:53:44+00:00" />
<meta name="twitter:card" content="summary_large_image" />
<meta name="twitter:label1" content="Geschätzte Lesezeit" />
	<meta name="twitter:data1" content="1 Minute" />
<script type="application/ld+json" class="yoast-schema-graph">{"@context":"https://schema.org","@graph":[{"@type":"WebPage","@id":"https://web.gruene-zh.ch/staefa/vorstand/menschen-2","url":"https://web.gruene-zh.ch/staefa/vorstand/menschen-2","name":"Menschen - GRÜNE Stäfa","isPartOf":{"@id":"https://web.gruene-zh.ch/staefa/#website"},"datePublished":"2021-12-17T12:49:52+00:00","dateModified":"2026-03-09T20:53:44+00:00","breadcrumb":{"@id":"https://web.gruene-zh.ch/staefa/vorstand/menschen-2#breadcrumb"},"inLanguage":"de","potentialAction":[{"@type":"ReadAction","target":["https://web.gruene-zh.ch/staefa/vorstand/menschen-2"]}]},{"@type":"BreadcrumbList","@id":"https://web.gruene-zh.ch/staefa/vorstand/menschen-2#breadcrumb","itemListElement":[{"@type":"ListItem","position":1,"name":"Startseite","item":"https://web.gruene-zh.ch/staefa/"},{"@type":"ListItem","position":2,"name":"Aktuell","item":"https://web.gruene-zh.ch/staefa/#menu-item-544"},{"@type":"ListItem","position":3,"name":"Agenda"}]},{"@type":"WebSite","@id":"https://web.gruene-zh.ch/staefa/#website","url":"https://web.gruene-zh.ch/staefa/","name":"GRÜNE Stäfa","description":"Ein Plus an Lebensqualität. ","potentialAction":[{"@type":"SearchAction","target":{"@type":"EntryPoint","urlTemplate":"https://web.gruene-zh.ch/staefa/?s={search_term_string}"},"query-input":{"@type":"PropertyValueSpecification","valueRequired":true,"valueName":"search_term_string"}}],"inLanguage":"de"}]}</script>
<!-- / Yoast SEO plugin. -->

Menschen - GRÜNE Stäfa

GRÜNE Stäfa

Ein Plus an Lebensqualität.
