{"id":2333,"date":"2026-02-16T06:21:03","date_gmt":"2026-02-16T05:21:03","guid":{"rendered":"https:\/\/web.gruene-zh.ch\/buelach\/?post_type=tribe_events&#038;p=2333"},"modified":"2026-02-16T06:25:05","modified_gmt":"2026-02-16T05:25:05","slug":"gv-2026","status":"publish","type":"tribe_events","link":"https:\/\/web.gruene-zh.ch\/buelach\/event\/gv-2026","title":{"rendered":"GV 2026"},"content":{"rendered":"","protected":false},"excerpt":{"rendered":"<p><strong>Thema: TBA<\/strong><\/p>\n<p>Danach folgt die statutarische GV f\u00fcr die MItglieder.<\/p>\n","protected":false},"author":16,"featured_media":0,"template":"","meta":{"_acf_changed":false,"inline_featured_image":false,"_tribe_events_status":"","_tribe_events_status_reason":"","footnotes":""},"tags":[],"tribe_events_cat":[17],"class_list":["post-2333","tribe_events","type-tribe_events","status-publish","hentry","tribe_events_cat-agenda","cat_agenda"],"acf":[],"yoast_head":"<!-- This site is optimized with the Yoast SEO plugin v26.9 - https:\/\/yoast.com\/product\/yoast-seo-wordpress\/ -->\n<title>GR\u00dcNE B\u00fclach<\/title>\n<meta name=\"description\" content=\"Thema: TBA Danach folgt die statutarische GV f\u00fcr die MItglieder.\" \/>\n<meta name=\"robots\" content=\"index, follow, max-snippet:-1, max-image-preview:large, max-video-preview:-1\" \/>\n<link rel=\"canonical\" href=\"https:\/\/web.gruene-zh.ch\/buelach\/event\/gv-2026\" \/>\n<meta property=\"og:locale\" content=\"de_DE\" \/>\n<meta property=\"og:type\" content=\"article\" \/>\n<meta property=\"og:description\" content=\"Thema: TBA Danach folgt die statutarische GV f\u00fcr die MItglieder.\" \/>\n<meta property=\"og:url\" content=\"https:\/\/web.gruene-zh.ch\/buelach\/event\/gv-2026\" \/>\n<meta property=\"og:site_name\" content=\"GR\u00dcNE B\u00fclach\" \/>\n<meta property=\"article:modified_time\" content=\"2026-02-16T05:25:05+00:00\" \/>\n<meta name=\"twitter:card\" content=\"summary_large_image\" \/>\n<meta name=\"twitter:label1\" content=\"Gesch\u00e4tzte Lesezeit\" \/>\n\t<meta name=\"twitter:data1\" content=\"1\u00a0Minute\" \/>\n<script type=\"application\/ld+json\" class=\"yoast-schema-graph\">{\"@context\":\"https:\/\/schema.org\",\"@graph\":[{\"@type\":\"WebPage\",\"@id\":\"https:\/\/web.gruene-zh.ch\/buelach\/event\/gv-2026\",\"url\":\"https:\/\/web.gruene-zh.ch\/buelach\/event\/gv-2026\",\"name\":\"\",\"isPartOf\":{\"@id\":\"https:\/\/web.gruene-zh.ch\/buelach\/#website\"},\"datePublished\":\"2026-02-16T05:21:03+00:00\",\"dateModified\":\"2026-02-16T05:25:05+00:00\",\"description\":\"Thema: TBA Danach folgt die statutarische GV f\u00fcr die MItglieder.\",\"breadcrumb\":{\"@id\":\"https:\/\/web.gruene-zh.ch\/buelach\/event\/gv-2026#breadcrumb\"},\"inLanguage\":\"de\",\"potentialAction\":[{\"@type\":\"ReadAction\",\"target\":[\"https:\/\/web.gruene-zh.ch\/buelach\/event\/gv-2026\"]}]},{\"@type\":\"BreadcrumbList\",\"@id\":\"https:\/\/web.gruene-zh.ch\/buelach\/event\/gv-2026#breadcrumb\",\"itemListElement\":[{\"@type\":\"ListItem\",\"position\":1,\"name\":\"Startseite\",\"item\":\"https:\/\/web.gruene-zh.ch\/buelach\/\"},{\"@type\":\"ListItem\",\"position\":2,\"name\":\"Veranstaltungen\",\"item\":\"https:\/\/web.gruene-zh.ch\/buelach?post_type=tribe_events\"},{\"@type\":\"ListItem\",\"position\":3,\"name\":\"GV 2026\"}]},{\"@type\":\"WebSite\",\"@id\":\"https:\/\/web.gruene-zh.ch\/buelach\/#website\",\"url\":\"https:\/\/web.gruene-zh.ch\/buelach\/\",\"name\":\"GR\u00dcNE B\u00fclach\",\"description\":\"Wir gestalten eine nachhaltige Zukunft\",\"potentialAction\":[{\"@type\":\"SearchAction\",\"target\":{\"@type\":\"EntryPoint\",\"urlTemplate\":\"https:\/\/web.gruene-zh.ch\/buelach\/?s={search_term_string}\"},\"query-input\":{\"@type\":\"PropertyValueSpecification\",\"valueRequired\":true,\"valueName\":\"search_term_string\"}}],\"inLanguage\":\"de\"}]}<\/script>\n<!-- \/ Yoast SEO plugin. -->","yoast_head_json":{"title":"GR\u00dcNE B\u00fclach","description":"Thema: TBA Danach folgt die statutarische GV f\u00fcr die MItglieder.","robots":{"index":"index","follow":"follow","max-snippet":"max-snippet:-1","max-image-preview":"max-image-preview:large","max-video-preview":"max-video-preview:-1"},"canonical":"https:\/\/web.gruene-zh.ch\/buelach\/event\/gv-2026","og_locale":"de_DE","og_type":"article","og_description":"Thema: TBA Danach folgt die statutarische GV f\u00fcr die MItglieder.","og_url":"https:\/\/web.gruene-zh.ch\/buelach\/event\/gv-2026","og_site_name":"GR\u00dcNE B\u00fclach","article_modified_time":"2026-02-16T05:25:05+00:00","twitter_card":"summary_large_image","twitter_misc":{"Gesch\u00e4tzte Lesezeit":"1\u00a0Minute"},"schema":{"@context":"https:\/\/schema.org","@graph":[{"@type":"WebPage","@id":"https:\/\/web.gruene-zh.ch\/buelach\/event\/gv-2026","url":"https:\/\/web.gruene-zh.ch\/buelach\/event\/gv-2026","name":"","isPartOf":{"@id":"https:\/\/web.gruene-zh.ch\/buelach\/#website"},"datePublished":"2026-02-16T05:21:03+00:00","dateModified":"2026-02-16T05:25:05+00:00","description":"Thema: TBA Danach folgt die statutarische GV f\u00fcr die MItglieder.","breadcrumb":{"@id":"https:\/\/web.gruene-zh.ch\/buelach\/event\/gv-2026#breadcrumb"},"inLanguage":"de","potentialAction":[{"@type":"ReadAction","target":["https:\/\/web.gruene-zh.ch\/buelach\/event\/gv-2026"]}]},{"@type":"BreadcrumbList","@id":"https:\/\/web.gruene-zh.ch\/buelach\/event\/gv-2026#breadcrumb","itemListElement":[{"@type":"ListItem","position":1,"name":"Startseite","item":"https:\/\/web.gruene-zh.ch\/buelach\/"},{"@type":"ListItem","position":2,"name":"Veranstaltungen","item":"https:\/\/web.gruene-zh.ch\/buelach?post_type=tribe_events"},{"@type":"ListItem","position":3,"name":"GV 2026"}]},{"@type":"WebSite","@id":"https:\/\/web.gruene-zh.ch\/buelach\/#website","url":"https:\/\/web.gruene-zh.ch\/buelach\/","name":"GR\u00dcNE B\u00fclach","description":"Wir gestalten eine nachhaltige Zukunft","potentialAction":[{"@type":"SearchAction","target":{"@type":"EntryPoint","urlTemplate":"https:\/\/web.gruene-zh.ch\/buelach\/?s={search_term_string}"},"query-input":{"@type":"PropertyValueSpecification","valueRequired":true,"valueName":"search_term_string"}}],"inLanguage":"de"}]}},"_links":{"self":[{"href":"https:\/\/web.gruene-zh.ch\/buelach\/wp-json\/wp\/v2\/tribe_events\/2333","targetHints":{"allow":["GET"]}}],"collection":[{"href":"https:\/\/web.gruene-zh.ch\/buelach\/wp-json\/wp\/v2\/tribe_events"}],"about":[{"href":"https:\/\/web.gruene-zh.ch\/buelach\/wp-json\/wp\/v2\/types\/tribe_events"}],"author":[{"embeddable":true,"href":"https:\/\/web.gruene-zh.ch\/buelach\/wp-json\/wp\/v2\/users\/16"}],"version-history":[{"count":2,"href":"https:\/\/web.gruene-zh.ch\/buelach\/wp-json\/wp\/v2\/tribe_events\/2333\/revisions"}],"predecessor-version":[{"id":2335,"href":"https:\/\/web.gruene-zh.ch\/buelach\/wp-json\/wp\/v2\/tribe_events\/2333\/revisions\/2335"}],"wp:attachment":[{"href":"https:\/\/web.gruene-zh.ch\/buelach\/wp-json\/wp\/v2\/media?parent=2333"}],"wp:term":[{"taxonomy":"post_tag","embeddable":true,"href":"https:\/\/web.gruene-zh.ch\/buelach\/wp-json\/wp\/v2\/tags?post=2333"},{"taxonomy":"tribe_events_cat","embeddable":true,"href":"https:\/\/web.gruene-zh.ch\/buelach\/wp-json\/wp\/v2\/tribe_events_cat?post=2333"}],"curies":[{"name":"wp","href":"https:\/\/api.w.org\/{rel}","templated":true}]}}

<p><strong>Thema: TBA</strong></p>
<p>Danach folgt die statutarische GV für die MItglieder.</p>

<!-- This site is optimized with the Yoast SEO plugin v26.9 - https://yoast.com/product/yoast-seo-wordpress/ -->
<title>GRÜNE Bülach</title>
<meta name="description" content="Thema: TBA Danach folgt die statutarische GV für die MItglieder." />
<meta name="robots" content="index, follow, max-snippet:-1, max-image-preview:large, max-video-preview:-1" />
<link rel="canonical" href="https://web.gruene-zh.ch/buelach/event/gv-2026" />
<meta property="og:locale" content="de_DE" />
<meta property="og:type" content="article" />
<meta property="og:description" content="Thema: TBA Danach folgt die statutarische GV für die MItglieder." />
<meta property="og:url" content="https://web.gruene-zh.ch/buelach/event/gv-2026" />
<meta property="og:site_name" content="GRÜNE Bülach" />
<meta property="article:modified_time" content="2026-02-16T05:25:05+00:00" />
<meta name="twitter:card" content="summary_large_image" />
<meta name="twitter:label1" content="Geschätzte Lesezeit" />
	<meta name="twitter:data1" content="1 Minute" />
<script type="application/ld+json" class="yoast-schema-graph">{"@context":"https://schema.org","@graph":[{"@type":"WebPage","@id":"https://web.gruene-zh.ch/buelach/event/gv-2026","url":"https://web.gruene-zh.ch/buelach/event/gv-2026","name":"","isPartOf":{"@id":"https://web.gruene-zh.ch/buelach/#website"},"datePublished":"2026-02-16T05:21:03+00:00","dateModified":"2026-02-16T05:25:05+00:00","description":"Thema: TBA Danach folgt die statutarische GV für die MItglieder.","breadcrumb":{"@id":"https://web.gruene-zh.ch/buelach/event/gv-2026#breadcrumb"},"inLanguage":"de","potentialAction":[{"@type":"ReadAction","target":["https://web.gruene-zh.ch/buelach/event/gv-2026"]}]},{"@type":"BreadcrumbList","@id":"https://web.gruene-zh.ch/buelach/event/gv-2026#breadcrumb","itemListElement":[{"@type":"ListItem","position":1,"name":"Startseite","item":"https://web.gruene-zh.ch/buelach/"},{"@type":"ListItem","position":2,"name":"Veranstaltungen","item":"https://web.gruene-zh.ch/buelach?post_type=tribe_events"},{"@type":"ListItem","position":3,"name":"GV 2026"}]},{"@type":"WebSite","@id":"https://web.gruene-zh.ch/buelach/#website","url":"https://web.gruene-zh.ch/buelach/","name":"GRÜNE Bülach","description":"Wir gestalten eine nachhaltige Zukunft","potentialAction":[{"@type":"SearchAction","target":{"@type":"EntryPoint","urlTemplate":"https://web.gruene-zh.ch/buelach/?s={search_term_string}"},"query-input":{"@type":"PropertyValueSpecification","valueRequired":true,"valueName":"search_term_string"}}],"inLanguage":"de"}]}</script>
<!-- / Yoast SEO plugin. -->

GRÜNE Bülach

Thema: TBA Danach folgt die statutarische GV für die MItglieder.
