{"id":525,"date":"2019-02-07T20:15:57","date_gmt":"2019-02-07T19:15:57","guid":{"rendered":"https:\/\/testing.2018.gruene.ch\/demo\/?page_id=443"},"modified":"2025-03-25T23:19:58","modified_gmt":"2025-03-25T22:19:58","slug":"ueber-uns","status":"publish","type":"page","link":"https:\/\/web.gruene-zh.ch\/buelach\/ueber-uns","title":{"rendered":"\u00dcber uns"},"content":{"rendered":"","protected":false},"excerpt":{"rendered":"","protected":false},"author":34,"featured_media":505,"parent":0,"menu_order":0,"comment_status":"closed","ping_status":"closed","template":"","meta":{"_acf_changed":false,"inline_featured_image":false,"footnotes":""},"class_list":["post-525","page","type-page","status-publish","has-post-thumbnail","hentry"],"acf":[],"yoast_head":"<!-- This site is optimized with the Yoast SEO plugin v26.9 - https:\/\/yoast.com\/product\/yoast-seo-wordpress\/ -->\n<title>\u00dcber uns - GR\u00dcNE B\u00fclach<\/title>\n<meta name=\"description\" content=\"Der ehrenamtliche Vorstand setzt sich zusammen aus Andreas Scheuss, Claudia Forni, Michael Degkwitz, David Galeuchet, Lu\u00eds Manuel Calvo Salgado, Larissa K\u00e4gi, Barbara Galeuchet und Antoine Vernez\" \/>\n<meta name=\"robots\" content=\"index, follow, max-snippet:-1, max-image-preview:large, max-video-preview:-1\" \/>\n<link rel=\"canonical\" href=\"https:\/\/web.gruene-zh.ch\/buelach\/ueber-uns\" \/>\n<meta property=\"og:locale\" content=\"de_DE\" \/>\n<meta property=\"og:type\" content=\"article\" \/>\n<meta property=\"og:title\" content=\"\u00dcber uns - GR\u00dcNE B\u00fclach\" \/>\n<meta property=\"og:description\" content=\"Der ehrenamtliche Vorstand setzt sich zusammen aus Andreas Scheuss, Claudia Forni, Michael Degkwitz, David Galeuchet, Lu\u00eds Manuel Calvo \u2026\" \/>\n<meta property=\"og:url\" content=\"https:\/\/web.gruene-zh.ch\/buelach\/ueber-uns\" \/>\n<meta property=\"og:site_name\" content=\"GR\u00dcNE B\u00fclach\" \/>\n<meta property=\"article:modified_time\" content=\"2025-03-25T22:19:58+00:00\" \/>\n<meta property=\"og:image\" content=\"https:\/\/web.gruene-zh.ch\/buelach\/wp-content\/uploads\/sites\/7\/2019\/02\/DV_2__Gian-Waldvogel.jpg\" \/>\n\t<meta property=\"og:image:width\" content=\"2000\" \/>\n\t<meta property=\"og:image:height\" content=\"1333\" \/>\n\t<meta property=\"og:image:type\" content=\"image\/jpeg\" \/>\n<meta name=\"twitter:card\" content=\"summary_large_image\" \/>\n<meta name=\"twitter:label1\" content=\"Gesch\u00e4tzte Lesezeit\" \/>\n\t<meta name=\"twitter:data1\" content=\"1\u00a0Minute\" \/>\n<script type=\"application\/ld+json\" class=\"yoast-schema-graph\">{\"@context\":\"https:\/\/schema.org\",\"@graph\":[{\"@type\":\"WebPage\",\"@id\":\"https:\/\/web.gruene-zh.ch\/buelach\/ueber-uns\",\"url\":\"https:\/\/web.gruene-zh.ch\/buelach\/ueber-uns\",\"name\":\"\u00dcber uns - GR\u00dcNE B\u00fclach\",\"isPartOf\":{\"@id\":\"https:\/\/web.gruene-zh.ch\/buelach\/#website\"},\"primaryImageOfPage\":{\"@id\":\"https:\/\/web.gruene-zh.ch\/buelach\/ueber-uns#primaryimage\"},\"image\":{\"@id\":\"https:\/\/web.gruene-zh.ch\/buelach\/ueber-uns#primaryimage\"},\"thumbnailUrl\":\"https:\/\/web.gruene-zh.ch\/buelach\/wp-content\/uploads\/sites\/7\/2019\/02\/DV_2__Gian-Waldvogel-2560x0-c-default.jpg\",\"datePublished\":\"2019-02-07T19:15:57+00:00\",\"dateModified\":\"2025-03-25T22:19:58+00:00\",\"description\":\"Der ehrenamtliche Vorstand setzt sich zusammen aus Andreas Scheuss, Claudia Forni, Michael Degkwitz, David Galeuchet, Lu\u00eds Manuel Calvo Salgado, Larissa K\u00e4gi, Barbara Galeuchet und Antoine Vernez\",\"breadcrumb\":{\"@id\":\"https:\/\/web.gruene-zh.ch\/buelach\/ueber-uns#breadcrumb\"},\"inLanguage\":\"de\",\"potentialAction\":[{\"@type\":\"ReadAction\",\"target\":[\"https:\/\/web.gruene-zh.ch\/buelach\/ueber-uns\"]}]},{\"@type\":\"ImageObject\",\"inLanguage\":\"de\",\"@id\":\"https:\/\/web.gruene-zh.ch\/buelach\/ueber-uns#primaryimage\",\"url\":\"https:\/\/web.gruene-zh.ch\/buelach\/wp-content\/uploads\/sites\/7\/2019\/02\/DV_2__Gian-Waldvogel-2560x0-c-default.jpg\",\"contentUrl\":\"https:\/\/web.gruene-zh.ch\/buelach\/wp-content\/uploads\/sites\/7\/2019\/02\/DV_2__Gian-Waldvogel-2560x0-c-default.jpg\",\"width\":2000,\"height\":1333,\"caption\":\"Die Delegierten stimmen ab.\"},{\"@type\":\"BreadcrumbList\",\"@id\":\"https:\/\/web.gruene-zh.ch\/buelach\/ueber-uns#breadcrumb\",\"itemListElement\":[{\"@type\":\"ListItem\",\"position\":1,\"name\":\"Startseite\",\"item\":\"https:\/\/web.gruene-zh.ch\/buelach\/\"},{\"@type\":\"ListItem\",\"position\":2,\"name\":\"\u00dcber uns\"}]},{\"@type\":\"WebSite\",\"@id\":\"https:\/\/web.gruene-zh.ch\/buelach\/#website\",\"url\":\"https:\/\/web.gruene-zh.ch\/buelach\/\",\"name\":\"GR\u00dcNE B\u00fclach\",\"description\":\"Wir gestalten eine nachhaltige Zukunft\",\"potentialAction\":[{\"@type\":\"SearchAction\",\"target\":{\"@type\":\"EntryPoint\",\"urlTemplate\":\"https:\/\/web.gruene-zh.ch\/buelach\/?s={search_term_string}\"},\"query-input\":{\"@type\":\"PropertyValueSpecification\",\"valueRequired\":true,\"valueName\":\"search_term_string\"}}],\"inLanguage\":\"de\"}]}<\/script>\n<!-- \/ Yoast SEO plugin. -->","yoast_head_json":{"title":"\u00dcber uns - GR\u00dcNE B\u00fclach","description":"Der ehrenamtliche Vorstand setzt sich zusammen aus Andreas Scheuss, Claudia Forni, Michael Degkwitz, David Galeuchet, Lu\u00eds Manuel Calvo Salgado, Larissa K\u00e4gi, Barbara Galeuchet und Antoine Vernez","robots":{"index":"index","follow":"follow","max-snippet":"max-snippet:-1","max-image-preview":"max-image-preview:large","max-video-preview":"max-video-preview:-1"},"canonical":"https:\/\/web.gruene-zh.ch\/buelach\/ueber-uns","og_locale":"de_DE","og_type":"article","og_title":"\u00dcber uns - GR\u00dcNE B\u00fclach","og_description":"Der ehrenamtliche Vorstand setzt sich zusammen aus Andreas Scheuss, Claudia Forni, Michael Degkwitz, David Galeuchet, Lu\u00eds Manuel Calvo \u2026","og_url":"https:\/\/web.gruene-zh.ch\/buelach\/ueber-uns","og_site_name":"GR\u00dcNE B\u00fclach","article_modified_time":"2025-03-25T22:19:58+00:00","og_image":[{"width":2000,"height":1333,"url":"https:\/\/web.gruene-zh.ch\/buelach\/wp-content\/uploads\/sites\/7\/2019\/02\/DV_2__Gian-Waldvogel.jpg","type":"image\/jpeg"}],"twitter_card":"summary_large_image","twitter_misc":{"Gesch\u00e4tzte Lesezeit":"1\u00a0Minute"},"schema":{"@context":"https:\/\/schema.org","@graph":[{"@type":"WebPage","@id":"https:\/\/web.gruene-zh.ch\/buelach\/ueber-uns","url":"https:\/\/web.gruene-zh.ch\/buelach\/ueber-uns","name":"\u00dcber uns - GR\u00dcNE B\u00fclach","isPartOf":{"@id":"https:\/\/web.gruene-zh.ch\/buelach\/#website"},"primaryImageOfPage":{"@id":"https:\/\/web.gruene-zh.ch\/buelach\/ueber-uns#primaryimage"},"image":{"@id":"https:\/\/web.gruene-zh.ch\/buelach\/ueber-uns#primaryimage"},"thumbnailUrl":"https:\/\/web.gruene-zh.ch\/buelach\/wp-content\/uploads\/sites\/7\/2019\/02\/DV_2__Gian-Waldvogel-2560x0-c-default.jpg","datePublished":"2019-02-07T19:15:57+00:00","dateModified":"2025-03-25T22:19:58+00:00","description":"Der ehrenamtliche Vorstand setzt sich zusammen aus Andreas Scheuss, Claudia Forni, Michael Degkwitz, David Galeuchet, Lu\u00eds Manuel Calvo Salgado, Larissa K\u00e4gi, Barbara Galeuchet und Antoine Vernez","breadcrumb":{"@id":"https:\/\/web.gruene-zh.ch\/buelach\/ueber-uns#breadcrumb"},"inLanguage":"de","potentialAction":[{"@type":"ReadAction","target":["https:\/\/web.gruene-zh.ch\/buelach\/ueber-uns"]}]},{"@type":"ImageObject","inLanguage":"de","@id":"https:\/\/web.gruene-zh.ch\/buelach\/ueber-uns#primaryimage","url":"https:\/\/web.gruene-zh.ch\/buelach\/wp-content\/uploads\/sites\/7\/2019\/02\/DV_2__Gian-Waldvogel-2560x0-c-default.jpg","contentUrl":"https:\/\/web.gruene-zh.ch\/buelach\/wp-content\/uploads\/sites\/7\/2019\/02\/DV_2__Gian-Waldvogel-2560x0-c-default.jpg","width":2000,"height":1333,"caption":"Die Delegierten stimmen ab."},{"@type":"BreadcrumbList","@id":"https:\/\/web.gruene-zh.ch\/buelach\/ueber-uns#breadcrumb","itemListElement":[{"@type":"ListItem","position":1,"name":"Startseite","item":"https:\/\/web.gruene-zh.ch\/buelach\/"},{"@type":"ListItem","position":2,"name":"\u00dcber uns"}]},{"@type":"WebSite","@id":"https:\/\/web.gruene-zh.ch\/buelach\/#website","url":"https:\/\/web.gruene-zh.ch\/buelach\/","name":"GR\u00dcNE B\u00fclach","description":"Wir gestalten eine nachhaltige Zukunft","potentialAction":[{"@type":"SearchAction","target":{"@type":"EntryPoint","urlTemplate":"https:\/\/web.gruene-zh.ch\/buelach\/?s={search_term_string}"},"query-input":{"@type":"PropertyValueSpecification","valueRequired":true,"valueName":"search_term_string"}}],"inLanguage":"de"}]}},"_links":{"self":[{"href":"https:\/\/web.gruene-zh.ch\/buelach\/wp-json\/wp\/v2\/pages\/525","targetHints":{"allow":["GET"]}}],"collection":[{"href":"https:\/\/web.gruene-zh.ch\/buelach\/wp-json\/wp\/v2\/pages"}],"about":[{"href":"https:\/\/web.gruene-zh.ch\/buelach\/wp-json\/wp\/v2\/types\/page"}],"author":[{"embeddable":true,"href":"https:\/\/web.gruene-zh.ch\/buelach\/wp-json\/wp\/v2\/users\/34"}],"replies":[{"embeddable":true,"href":"https:\/\/web.gruene-zh.ch\/buelach\/wp-json\/wp\/v2\/comments?post=525"}],"version-history":[{"count":5,"href":"https:\/\/web.gruene-zh.ch\/buelach\/wp-json\/wp\/v2\/pages\/525\/revisions"}],"predecessor-version":[{"id":1663,"href":"https:\/\/web.gruene-zh.ch\/buelach\/wp-json\/wp\/v2\/pages\/525\/revisions\/1663"}],"wp:featuredmedia":[{"embeddable":true,"href":"https:\/\/web.gruene-zh.ch\/buelach\/wp-json\/wp\/v2\/media\/505"}],"wp:attachment":[{"href":"https:\/\/web.gruene-zh.ch\/buelach\/wp-json\/wp\/v2\/media?parent=525"}],"curies":[{"name":"wp","href":"https:\/\/api.w.org\/{rel}","templated":true}]}}