{"id":1593,"date":"2026-01-23T16:35:53","date_gmt":"2026-01-23T15:35:53","guid":{"rendered":"https:\/\/web.gruene-zh.ch\/affoltern\/?post_type=tribe_events&#038;p=1593"},"modified":"2026-01-26T14:57:30","modified_gmt":"2026-01-26T13:57:30","slug":"vorstellung-der-stadtratskandidatinnen","status":"publish","type":"tribe_events","link":"https:\/\/web.gruene-zh.ch\/affoltern\/event\/vorstellung-der-stadtratskandidatinnen","title":{"rendered":"Vorstellung der Stadtratskandidat:innen"},"content":{"rendered":"","protected":false},"excerpt":{"rendered":"<p>Die Kandidat:innen der Stadtratswahl stellen sich vor:<br \/>\nGespr\u00e4chsleitung Bernhard Schneider<\/p>\n<ul>\n<li>Ernst Beeler (Gewerbe\/SVP, neu)<\/li>\n<li>Galina Bruder (parteilos\/SP, neu) als Stadtr\u00e4tin und&nbsp;Pr\u00e4sidentin Primarschule<\/li>\n<li>Evelyn Fenner (EVP, bisher) als Stadtr\u00e4tin und Stadtpr\u00e4sidentin<\/li>\n<li>Markus Gasser (EVP, bisher)<\/li>\n<li>Stefan Kessler (Gr\u00fcne, neu)<\/li>\n<li>Claudia Ledermann (parteilos\/GLP, bisher)<\/li>\n<li>Pascal Santi (FDP, neu)<\/li>\n<li>Claudia Sp\u00f6rri (SVP, bisher), nur als Stadtr\u00e4tin<\/li>\n<li>Franz Wipfli (Die Mitte, neu) als Stadtrat und Pr\u00e4sident Primarschule<\/li>\n<\/ul>\n<p>Der Anlass wird organisiert von der Interparteilichen Konferenz Affoltern am Albis<\/p>\n","protected":false},"author":52,"featured_media":0,"template":"","meta":{"_acf_changed":false,"inline_featured_image":false,"_tribe_events_status":"","_tribe_events_status_reason":"","footnotes":""},"tags":[],"tribe_events_cat":[],"class_list":["post-1593","tribe_events","type-tribe_events","status-publish","hentry"],"acf":[],"yoast_head":"<!-- This site is optimized with the Yoast SEO plugin v26.9 - https:\/\/yoast.com\/product\/yoast-seo-wordpress\/ -->\n<title>GR\u00dcNE Affoltern<\/title>\n<meta name=\"description\" content=\"Die Kandidat:innen der Stadtratswahl stellen sich vor: Gespr\u00e4chsleitung Bernhard Schneider  Ernst Beeler (Gewerbe\/SVP, neu) Galina Bruder (parteilos\/SP, neu) als Stadtr\u00e4tin und&nbsp;Pr\u00e4sidentin Primarschule Evelyn Fenner (EVP, bisher) als Stadtr\u00e4tin und Stadtpr\u00e4sidentin Markus Gasser (EVP, bisher) Stefan Kessler (Gr\u00fcne, neu) Claudia Ledermann (parteilos\/GLP, bisher) Pascal Santi (FDP, neu) Claudia Sp\u00f6rri (SVP, bisher), nur als Stadtr\u00e4tin Franz Wipfli (Die Mitte, neu) als Stadtrat und Pr\u00e4sident Primarschule  Der Anlass wird organisiert von der Interparteilichen Konferenz Affoltern am Albis\" \/>\n<meta name=\"robots\" content=\"index, follow, max-snippet:-1, max-image-preview:large, max-video-preview:-1\" \/>\n<link rel=\"canonical\" href=\"https:\/\/web.gruene-zh.ch\/affoltern\/event\/vorstellung-der-stadtratskandidatinnen\" \/>\n<meta property=\"og:locale\" content=\"de_DE\" \/>\n<meta property=\"og:type\" content=\"article\" \/>\n<meta property=\"og:description\" content=\"Die Kandidat:innen der Stadtratswahl stellen sich vor: Gespr\u00e4chsleitung Bernhard Schneider Ernst Beeler (Gewerbe\/SVP, neu) Galina Bruder \u2026\" \/>\n<meta property=\"og:url\" content=\"https:\/\/web.gruene-zh.ch\/affoltern\/event\/vorstellung-der-stadtratskandidatinnen\" \/>\n<meta property=\"og:site_name\" content=\"GR\u00dcNE Affoltern\" \/>\n<meta property=\"article:modified_time\" content=\"2026-01-26T13:57:30+00:00\" \/>\n<meta name=\"twitter:card\" content=\"summary_large_image\" \/>\n<meta name=\"twitter:label1\" content=\"Gesch\u00e4tzte Lesezeit\" \/>\n\t<meta name=\"twitter:data1\" content=\"1\u00a0Minute\" \/>\n<script type=\"application\/ld+json\" class=\"yoast-schema-graph\">{\"@context\":\"https:\/\/schema.org\",\"@graph\":[{\"@type\":\"WebPage\",\"@id\":\"https:\/\/web.gruene-zh.ch\/affoltern\/event\/vorstellung-der-stadtratskandidatinnen\",\"url\":\"https:\/\/web.gruene-zh.ch\/affoltern\/event\/vorstellung-der-stadtratskandidatinnen\",\"name\":\"\",\"isPartOf\":{\"@id\":\"https:\/\/web.gruene-zh.ch\/affoltern\/#website\"},\"datePublished\":\"2026-01-23T15:35:53+00:00\",\"dateModified\":\"2026-01-26T13:57:30+00:00\",\"description\":\"Die Kandidat:innen der Stadtratswahl stellen sich vor: Gespr\u00e4chsleitung Bernhard Schneider \u2022 Ernst Beeler (Gewerbe\/SVP, neu) \u2022 Galina Bruder (parteilos\/SP, neu) als Stadtr\u00e4tin und&nbsp;Pr\u00e4sidentin Primarschule \u2022 Evelyn Fenner (EVP, bisher) als Stadtr\u00e4tin und Stadtpr\u00e4sidentin \u2022 Markus Gasser (EVP, bisher) \u2022 Stefan Kessler (Gr\u00fcne, neu) \u2022 Claudia Ledermann (parteilos\/GLP, bisher) \u2022 Pascal Santi (FDP, neu) \u2022 Claudia Sp\u00f6rri (SVP, bisher), nur als Stadtr\u00e4tin \u2022 Franz Wipfli (Die Mitte, neu) als Stadtrat und Pr\u00e4sident Primarschule Der Anlass wird organisiert von der Interparteilichen Konferenz Affoltern am Albis\",\"breadcrumb\":{\"@id\":\"https:\/\/web.gruene-zh.ch\/affoltern\/event\/vorstellung-der-stadtratskandidatinnen#breadcrumb\"},\"inLanguage\":\"de\",\"potentialAction\":[{\"@type\":\"ReadAction\",\"target\":[\"https:\/\/web.gruene-zh.ch\/affoltern\/event\/vorstellung-der-stadtratskandidatinnen\"]}]},{\"@type\":\"BreadcrumbList\",\"@id\":\"https:\/\/web.gruene-zh.ch\/affoltern\/event\/vorstellung-der-stadtratskandidatinnen#breadcrumb\",\"itemListElement\":[{\"@type\":\"ListItem\",\"position\":1,\"name\":\"Startseite\",\"item\":\"https:\/\/web.gruene-zh.ch\/affoltern\/\"},{\"@type\":\"ListItem\",\"position\":2,\"name\":\"Aktuell\",\"item\":\"https:\/\/web.gruene-zh.ch\/affoltern\/startseite\/aktuell#menu-item-605\"},{\"@type\":\"ListItem\",\"position\":3,\"name\":\"Agenda\"}]},{\"@type\":\"WebSite\",\"@id\":\"https:\/\/web.gruene-zh.ch\/affoltern\/#website\",\"url\":\"https:\/\/web.gruene-zh.ch\/affoltern\/\",\"name\":\"GR\u00dcNE Affoltern\",\"description\":\"Ein Plus an Lebensqualit\u00e4t. \",\"potentialAction\":[{\"@type\":\"SearchAction\",\"target\":{\"@type\":\"EntryPoint\",\"urlTemplate\":\"https:\/\/web.gruene-zh.ch\/affoltern\/?s={search_term_string}\"},\"query-input\":{\"@type\":\"PropertyValueSpecification\",\"valueRequired\":true,\"valueName\":\"search_term_string\"}}],\"inLanguage\":\"de\"}]}<\/script>\n<!-- \/ Yoast SEO plugin. -->","yoast_head_json":{"title":"GR\u00dcNE Affoltern","description":"Die Kandidat:innen der Stadtratswahl stellen sich vor: Gespr\u00e4chsleitung Bernhard Schneider  Ernst Beeler (Gewerbe\/SVP, neu) Galina Bruder (parteilos\/SP, neu) als Stadtr\u00e4tin und&nbsp;Pr\u00e4sidentin Primarschule Evelyn Fenner (EVP, bisher) als Stadtr\u00e4tin und Stadtpr\u00e4sidentin Markus Gasser (EVP, bisher) Stefan Kessler (Gr\u00fcne, neu) Claudia Ledermann (parteilos\/GLP, bisher) Pascal Santi (FDP, neu) Claudia Sp\u00f6rri (SVP, bisher), nur als Stadtr\u00e4tin Franz Wipfli (Die Mitte, neu) als Stadtrat und Pr\u00e4sident Primarschule  Der Anlass wird organisiert von der Interparteilichen Konferenz Affoltern am Albis","robots":{"index":"index","follow":"follow","max-snippet":"max-snippet:-1","max-image-preview":"max-image-preview:large","max-video-preview":"max-video-preview:-1"},"canonical":"https:\/\/web.gruene-zh.ch\/affoltern\/event\/vorstellung-der-stadtratskandidatinnen","og_locale":"de_DE","og_type":"article","og_description":"Die Kandidat:innen der Stadtratswahl stellen sich vor: Gespr\u00e4chsleitung Bernhard Schneider Ernst Beeler (Gewerbe\/SVP, neu) Galina Bruder \u2026","og_url":"https:\/\/web.gruene-zh.ch\/affoltern\/event\/vorstellung-der-stadtratskandidatinnen","og_site_name":"GR\u00dcNE Affoltern","article_modified_time":"2026-01-26T13:57:30+00:00","twitter_card":"summary_large_image","twitter_misc":{"Gesch\u00e4tzte Lesezeit":"1\u00a0Minute"},"schema":{"@context":"https:\/\/schema.org","@graph":[{"@type":"WebPage","@id":"https:\/\/web.gruene-zh.ch\/affoltern\/event\/vorstellung-der-stadtratskandidatinnen","url":"https:\/\/web.gruene-zh.ch\/affoltern\/event\/vorstellung-der-stadtratskandidatinnen","name":"","isPartOf":{"@id":"https:\/\/web.gruene-zh.ch\/affoltern\/#website"},"datePublished":"2026-01-23T15:35:53+00:00","dateModified":"2026-01-26T13:57:30+00:00","description":"Die Kandidat:innen der Stadtratswahl stellen sich vor: Gespr\u00e4chsleitung Bernhard Schneider \u2022 Ernst Beeler (Gewerbe\/SVP, neu) \u2022 Galina Bruder (parteilos\/SP, neu) als Stadtr\u00e4tin und&nbsp;Pr\u00e4sidentin Primarschule \u2022 Evelyn Fenner (EVP, bisher) als Stadtr\u00e4tin und Stadtpr\u00e4sidentin \u2022 Markus Gasser (EVP, bisher) \u2022 Stefan Kessler (Gr\u00fcne, neu) \u2022 Claudia Ledermann (parteilos\/GLP, bisher) \u2022 Pascal Santi (FDP, neu) \u2022 Claudia Sp\u00f6rri (SVP, bisher), nur als Stadtr\u00e4tin \u2022 Franz Wipfli (Die Mitte, neu) als Stadtrat und Pr\u00e4sident Primarschule Der Anlass wird organisiert von der Interparteilichen Konferenz Affoltern am Albis","breadcrumb":{"@id":"https:\/\/web.gruene-zh.ch\/affoltern\/event\/vorstellung-der-stadtratskandidatinnen#breadcrumb"},"inLanguage":"de","potentialAction":[{"@type":"ReadAction","target":["https:\/\/web.gruene-zh.ch\/affoltern\/event\/vorstellung-der-stadtratskandidatinnen"]}]},{"@type":"BreadcrumbList","@id":"https:\/\/web.gruene-zh.ch\/affoltern\/event\/vorstellung-der-stadtratskandidatinnen#breadcrumb","itemListElement":[{"@type":"ListItem","position":1,"name":"Startseite","item":"https:\/\/web.gruene-zh.ch\/affoltern\/"},{"@type":"ListItem","position":2,"name":"Aktuell","item":"https:\/\/web.gruene-zh.ch\/affoltern\/startseite\/aktuell#menu-item-605"},{"@type":"ListItem","position":3,"name":"Agenda"}]},{"@type":"WebSite","@id":"https:\/\/web.gruene-zh.ch\/affoltern\/#website","url":"https:\/\/web.gruene-zh.ch\/affoltern\/","name":"GR\u00dcNE Affoltern","description":"Ein Plus an Lebensqualit\u00e4t. ","potentialAction":[{"@type":"SearchAction","target":{"@type":"EntryPoint","urlTemplate":"https:\/\/web.gruene-zh.ch\/affoltern\/?s={search_term_string}"},"query-input":{"@type":"PropertyValueSpecification","valueRequired":true,"valueName":"search_term_string"}}],"inLanguage":"de"}]}},"_links":{"self":[{"href":"https:\/\/web.gruene-zh.ch\/affoltern\/wp-json\/wp\/v2\/tribe_events\/1593","targetHints":{"allow":["GET"]}}],"collection":[{"href":"https:\/\/web.gruene-zh.ch\/affoltern\/wp-json\/wp\/v2\/tribe_events"}],"about":[{"href":"https:\/\/web.gruene-zh.ch\/affoltern\/wp-json\/wp\/v2\/types\/tribe_events"}],"author":[{"embeddable":true,"href":"https:\/\/web.gruene-zh.ch\/affoltern\/wp-json\/wp\/v2\/users\/52"}],"version-history":[{"count":3,"href":"https:\/\/web.gruene-zh.ch\/affoltern\/wp-json\/wp\/v2\/tribe_events\/1593\/revisions"}],"predecessor-version":[{"id":1601,"href":"https:\/\/web.gruene-zh.ch\/affoltern\/wp-json\/wp\/v2\/tribe_events\/1593\/revisions\/1601"}],"wp:attachment":[{"href":"https:\/\/web.gruene-zh.ch\/affoltern\/wp-json\/wp\/v2\/media?parent=1593"}],"wp:term":[{"taxonomy":"post_tag","embeddable":true,"href":"https:\/\/web.gruene-zh.ch\/affoltern\/wp-json\/wp\/v2\/tags?post=1593"},{"taxonomy":"tribe_events_cat","embeddable":true,"href":"https:\/\/web.gruene-zh.ch\/affoltern\/wp-json\/wp\/v2\/tribe_events_cat?post=1593"}],"curies":[{"name":"wp","href":"https:\/\/api.w.org\/{rel}","templated":true}]}}

<p>Die Kandidat:innen der Stadtratswahl stellen sich vor:<br />
Gesprächsleitung Bernhard Schneider</p>
<ul>
<li>Ernst Beeler (Gewerbe/SVP, neu)</li>
<li>Galina Bruder (parteilos/SP, neu) als Stadträtin und&nbsp;Präsidentin Primarschule</li>
<li>Evelyn Fenner (EVP, bisher) als Stadträtin und Stadtpräsidentin</li>
<li>Markus Gasser (EVP, bisher)</li>
<li>Stefan Kessler (Grüne, neu)</li>
<li>Claudia Ledermann (parteilos/GLP, bisher)</li>
<li>Pascal Santi (FDP, neu)</li>
<li>Claudia Spörri (SVP, bisher), nur als Stadträtin</li>
<li>Franz Wipfli (Die Mitte, neu) als Stadtrat und Präsident Primarschule</li>
</ul>
<p>Der Anlass wird organisiert von der Interparteilichen Konferenz Affoltern am Albis</p>

<!-- This site is optimized with the Yoast SEO plugin v26.9 - https://yoast.com/product/yoast-seo-wordpress/ -->
<title>GRÜNE Affoltern</title>
<meta name="description" content="Die Kandidat:innen der Stadtratswahl stellen sich vor: Gesprächsleitung Bernhard Schneider  Ernst Beeler (Gewerbe/SVP, neu) Galina Bruder (parteilos/SP, neu) als Stadträtin und&nbsp;Präsidentin Primarschule Evelyn Fenner (EVP, bisher) als Stadträtin und Stadtpräsidentin Markus Gasser (EVP, bisher) Stefan Kessler (Grüne, neu) Claudia Ledermann (parteilos/GLP, bisher) Pascal Santi (FDP, neu) Claudia Spörri (SVP, bisher), nur als Stadträtin Franz Wipfli (Die Mitte, neu) als Stadtrat und Präsident Primarschule  Der Anlass wird organisiert von der Interparteilichen Konferenz Affoltern am Albis" />
<meta name="robots" content="index, follow, max-snippet:-1, max-image-preview:large, max-video-preview:-1" />
<link rel="canonical" href="https://web.gruene-zh.ch/affoltern/event/vorstellung-der-stadtratskandidatinnen" />
<meta property="og:locale" content="de_DE" />
<meta property="og:type" content="article" />
<meta property="og:description" content="Die Kandidat:innen der Stadtratswahl stellen sich vor: Gesprächsleitung Bernhard Schneider Ernst Beeler (Gewerbe/SVP, neu) Galina Bruder …" />
<meta property="og:url" content="https://web.gruene-zh.ch/affoltern/event/vorstellung-der-stadtratskandidatinnen" />
<meta property="og:site_name" content="GRÜNE Affoltern" />
<meta property="article:modified_time" content="2026-01-26T13:57:30+00:00" />
<meta name="twitter:card" content="summary_large_image" />
<meta name="twitter:label1" content="Geschätzte Lesezeit" />
	<meta name="twitter:data1" content="1 Minute" />
<script type="application/ld+json" class="yoast-schema-graph">{"@context":"https://schema.org","@graph":[{"@type":"WebPage","@id":"https://web.gruene-zh.ch/affoltern/event/vorstellung-der-stadtratskandidatinnen","url":"https://web.gruene-zh.ch/affoltern/event/vorstellung-der-stadtratskandidatinnen","name":"","isPartOf":{"@id":"https://web.gruene-zh.ch/affoltern/#website"},"datePublished":"2026-01-23T15:35:53+00:00","dateModified":"2026-01-26T13:57:30+00:00","description":"Die Kandidat:innen der Stadtratswahl stellen sich vor: Gesprächsleitung Bernhard Schneider • Ernst Beeler (Gewerbe/SVP, neu) • Galina Bruder (parteilos/SP, neu) als Stadträtin und&nbsp;Präsidentin Primarschule • Evelyn Fenner (EVP, bisher) als Stadträtin und Stadtpräsidentin • Markus Gasser (EVP, bisher) • Stefan Kessler (Grüne, neu) • Claudia Ledermann (parteilos/GLP, bisher) • Pascal Santi (FDP, neu) • Claudia Spörri (SVP, bisher), nur als Stadträtin • Franz Wipfli (Die Mitte, neu) als Stadtrat und Präsident Primarschule Der Anlass wird organisiert von der Interparteilichen Konferenz Affoltern am Albis","breadcrumb":{"@id":"https://web.gruene-zh.ch/affoltern/event/vorstellung-der-stadtratskandidatinnen#breadcrumb"},"inLanguage":"de","potentialAction":[{"@type":"ReadAction","target":["https://web.gruene-zh.ch/affoltern/event/vorstellung-der-stadtratskandidatinnen"]}]},{"@type":"BreadcrumbList","@id":"https://web.gruene-zh.ch/affoltern/event/vorstellung-der-stadtratskandidatinnen#breadcrumb","itemListElement":[{"@type":"ListItem","position":1,"name":"Startseite","item":"https://web.gruene-zh.ch/affoltern/"},{"@type":"ListItem","position":2,"name":"Aktuell","item":"https://web.gruene-zh.ch/affoltern/startseite/aktuell#menu-item-605"},{"@type":"ListItem","position":3,"name":"Agenda"}]},{"@type":"WebSite","@id":"https://web.gruene-zh.ch/affoltern/#website","url":"https://web.gruene-zh.ch/affoltern/","name":"GRÜNE Affoltern","description":"Ein Plus an Lebensqualität. ","potentialAction":[{"@type":"SearchAction","target":{"@type":"EntryPoint","urlTemplate":"https://web.gruene-zh.ch/affoltern/?s={search_term_string}"},"query-input":{"@type":"PropertyValueSpecification","valueRequired":true,"valueName":"search_term_string"}}],"inLanguage":"de"}]}</script>
<!-- / Yoast SEO plugin. -->

GRÜNE Affoltern

Die Kandidat:innen der Stadtratswahl stellen sich vor: Gesprächsleitung Bernhard Schneider  Ernst Beeler (Gewerbe/SVP, neu) Galina Bruder (parteilos/SP, neu) als Stadträtin und&nbsp;Präsidentin Primarschule Evelyn Fenner (EVP, bisher) als Stadträtin und Stadtpräsidentin Markus Gasser (EVP, bisher) Stefan Kessler (Grüne, neu) Claudia Ledermann (parteilos/GLP, bisher) Pascal Santi (FDP, neu) Claudia Spörri (SVP, bisher), nur als Stadträtin Franz Wipfli (Die Mitte, neu) als Stadtrat und Präsident Primarschule  Der Anlass wird organisiert von der Interparteilichen Konferenz Affoltern am Albis

Die Kandidat:innen der Stadtratswahl stellen sich vor: Gesprächsleitung Bernhard Schneider Ernst Beeler (Gewerbe/SVP, neu) Galina Bruder …

Die Kandidat:innen der Stadtratswahl stellen sich vor: Gesprächsleitung Bernhard Schneider • Ernst Beeler (Gewerbe/SVP, neu) • Galina Bruder (parteilos/SP, neu) als Stadträtin und&nbsp;Präsidentin Primarschule • Evelyn Fenner (EVP, bisher) als Stadträtin und Stadtpräsidentin • Markus Gasser (EVP, bisher) • Stefan Kessler (Grüne, neu) • Claudia Ledermann (parteilos/GLP, bisher) • Pascal Santi (FDP, neu) • Claudia Spörri (SVP, bisher), nur als Stadträtin • Franz Wipfli (Die Mitte, neu) als Stadtrat und Präsident Primarschule Der Anlass wird organisiert von der Interparteilichen Konferenz Affoltern am Albis

Ein Plus an Lebensqualität.
