{"id":1451,"date":"2025-11-01T10:40:01","date_gmt":"2025-11-01T09:40:01","guid":{"rendered":"https:\/\/web.gruene-zh.ch\/affoltern\/?post_type=tribe_events&#038;p=1451"},"modified":"2025-12-01T09:17:24","modified_gmt":"2025-12-01T08:17:24","slug":"chlausmaert-in-affoltern","status":"publish","type":"tribe_events","link":"https:\/\/web.gruene-zh.ch\/affoltern\/event\/chlausmaert-in-affoltern","title":{"rendered":"Chlausm\u00e4rt in Affoltern"},"content":{"rendered":"","protected":false},"excerpt":{"rendered":"<p><img loading=\"lazy\" decoding=\"async\" class=\"alignnone wp-image-1453\" src=\"https:\/\/web.gruene-zh.ch\/affoltern\/wp-content\/uploads\/sites\/24\/2025\/11\/Chlausmaert_2022-4-790x1053.jpg\" alt=\"\" width=\"380\" height=\"507\" srcset=\"https:\/\/web.gruene-zh.ch\/affoltern\/wp-content\/uploads\/sites\/24\/2025\/11\/Chlausmaert_2022-4-790x1053.jpg 790w, https:\/\/web.gruene-zh.ch\/affoltern\/wp-content\/uploads\/sites\/24\/2025\/11\/Chlausmaert_2022-4-1024x1365.jpg 1024w, https:\/\/web.gruene-zh.ch\/affoltern\/wp-content\/uploads\/sites\/24\/2025\/11\/Chlausmaert_2022-4-150x200.jpg 150w, https:\/\/web.gruene-zh.ch\/affoltern\/wp-content\/uploads\/sites\/24\/2025\/11\/Chlausmaert_2022-4-768x1024.jpg 768w, https:\/\/web.gruene-zh.ch\/affoltern\/wp-content\/uploads\/sites\/24\/2025\/11\/Chlausmaert_2022-4-400x533.jpg 400w, https:\/\/web.gruene-zh.ch\/affoltern\/wp-content\/uploads\/sites\/24\/2025\/11\/Chlausmaert_2022-4-1200x1600.jpg 1200w, https:\/\/web.gruene-zh.ch\/affoltern\/wp-content\/uploads\/sites\/24\/2025\/11\/Chlausmaert_2022-4-1580x2107.jpg 1580w, https:\/\/web.gruene-zh.ch\/affoltern\/wp-content\/uploads\/sites\/24\/2025\/11\/Chlausmaert_2022-4-scaled.jpg 1920w\" sizes=\"auto, (max-width: 380px) 100vw, 380px\" \/><\/p>\n<p>Auch dieses Jahr sind wir am Chlausm\u00e4rt an der oberen Bahnhofstrasse in Affoltern a.A. pr\u00e4sent.<\/p>\n<ul>\n<li>Besuchen sie unseren Stand und kommen Sie mit uns ins Gespr\u00e4ch<\/li>\n<li>Lernen Sie unseren Stadtratskandidaten Stefan Kessler kennen.<\/li>\n<li>Die beliebte Chugelibahn erfreut Klein und Gross<\/li>\n<\/ul>\n<p>&nbsp;<\/p>\n","protected":false},"author":52,"featured_media":0,"template":"","meta":{"_acf_changed":false,"inline_featured_image":false,"_tribe_events_status":"","_tribe_events_status_reason":"","footnotes":""},"tags":[],"tribe_events_cat":[],"class_list":["post-1451","tribe_events","type-tribe_events","status-publish","hentry"],"acf":[],"yoast_head":"<!-- This site is optimized with the Yoast SEO plugin v26.9 - https:\/\/yoast.com\/product\/yoast-seo-wordpress\/ -->\n<title>GR\u00dcNE Affoltern<\/title>\n<meta name=\"description\" content=\"Auch dieses Jahr sind wir am Chlausm\u00e4rt an der oberen Bahnhofstrasse in Affoltern a.A. pr\u00e4sent.  Besuchen sie unseren Stand und kommen Sie mit uns ins Gespr\u00e4ch Lernen Sie unseren Stadtratskandidaten Stefan Kessler kennen. Die beliebte Chugelibahn erfreut Klein und Gross  &nbsp;\" \/>\n<meta name=\"robots\" content=\"index, follow, max-snippet:-1, max-image-preview:large, max-video-preview:-1\" \/>\n<link rel=\"canonical\" href=\"https:\/\/web.gruene-zh.ch\/affoltern\/event\/chlausmaert-in-affoltern\" \/>\n<meta property=\"og:locale\" content=\"de_DE\" \/>\n<meta property=\"og:type\" content=\"article\" \/>\n<meta property=\"og:description\" content=\"Auch dieses Jahr sind wir am Chlausm\u00e4rt an der oberen Bahnhofstrasse in Affoltern a.A. pr\u00e4sent. Besuchen sie unseren Stand und kommen Sie \u2026\" \/>\n<meta property=\"og:url\" content=\"https:\/\/web.gruene-zh.ch\/affoltern\/event\/chlausmaert-in-affoltern\" \/>\n<meta property=\"og:site_name\" content=\"GR\u00dcNE Affoltern\" \/>\n<meta property=\"article:modified_time\" content=\"2025-12-01T08:17:24+00:00\" \/>\n<meta name=\"twitter:card\" content=\"summary_large_image\" \/>\n<meta name=\"twitter:label1\" content=\"Gesch\u00e4tzte Lesezeit\" \/>\n\t<meta name=\"twitter:data1\" content=\"1\u00a0Minute\" \/>\n<script type=\"application\/ld+json\" class=\"yoast-schema-graph\">{\"@context\":\"https:\/\/schema.org\",\"@graph\":[{\"@type\":\"WebPage\",\"@id\":\"https:\/\/web.gruene-zh.ch\/affoltern\/event\/chlausmaert-in-affoltern\",\"url\":\"https:\/\/web.gruene-zh.ch\/affoltern\/event\/chlausmaert-in-affoltern\",\"name\":\"\",\"isPartOf\":{\"@id\":\"https:\/\/web.gruene-zh.ch\/affoltern\/#website\"},\"datePublished\":\"2025-11-01T09:40:01+00:00\",\"dateModified\":\"2025-12-01T08:17:24+00:00\",\"description\":\"Auch dieses Jahr sind wir am Chlausm\u00e4rt an der oberen Bahnhofstrasse in Affoltern a.A. pr\u00e4sent. \u2022 Besuchen sie unseren Stand und kommen Sie mit uns ins Gespr\u00e4ch \u2022 Lernen Sie unseren Stadtratskandidaten Stefan Kessler kennen. \u2022 Die beliebte Chugelibahn erfreut Klein und Gross &nbsp;\",\"breadcrumb\":{\"@id\":\"https:\/\/web.gruene-zh.ch\/affoltern\/event\/chlausmaert-in-affoltern#breadcrumb\"},\"inLanguage\":\"de\",\"potentialAction\":[{\"@type\":\"ReadAction\",\"target\":[\"https:\/\/web.gruene-zh.ch\/affoltern\/event\/chlausmaert-in-affoltern\"]}]},{\"@type\":\"BreadcrumbList\",\"@id\":\"https:\/\/web.gruene-zh.ch\/affoltern\/event\/chlausmaert-in-affoltern#breadcrumb\",\"itemListElement\":[{\"@type\":\"ListItem\",\"position\":1,\"name\":\"Startseite\",\"item\":\"https:\/\/web.gruene-zh.ch\/affoltern\/\"},{\"@type\":\"ListItem\",\"position\":2,\"name\":\"Aktuell\",\"item\":\"https:\/\/web.gruene-zh.ch\/affoltern\/startseite\/aktuell#menu-item-605\"},{\"@type\":\"ListItem\",\"position\":3,\"name\":\"Agenda\"}]},{\"@type\":\"WebSite\",\"@id\":\"https:\/\/web.gruene-zh.ch\/affoltern\/#website\",\"url\":\"https:\/\/web.gruene-zh.ch\/affoltern\/\",\"name\":\"GR\u00dcNE Affoltern\",\"description\":\"Ein Plus an Lebensqualit\u00e4t. \",\"potentialAction\":[{\"@type\":\"SearchAction\",\"target\":{\"@type\":\"EntryPoint\",\"urlTemplate\":\"https:\/\/web.gruene-zh.ch\/affoltern\/?s={search_term_string}\"},\"query-input\":{\"@type\":\"PropertyValueSpecification\",\"valueRequired\":true,\"valueName\":\"search_term_string\"}}],\"inLanguage\":\"de\"}]}<\/script>\n<!-- \/ Yoast SEO plugin. -->","yoast_head_json":{"title":"GR\u00dcNE Affoltern","description":"Auch dieses Jahr sind wir am Chlausm\u00e4rt an der oberen Bahnhofstrasse in Affoltern a.A. pr\u00e4sent.  Besuchen sie unseren Stand und kommen Sie mit uns ins Gespr\u00e4ch Lernen Sie unseren Stadtratskandidaten Stefan Kessler kennen. Die beliebte Chugelibahn erfreut Klein und Gross  &nbsp;","robots":{"index":"index","follow":"follow","max-snippet":"max-snippet:-1","max-image-preview":"max-image-preview:large","max-video-preview":"max-video-preview:-1"},"canonical":"https:\/\/web.gruene-zh.ch\/affoltern\/event\/chlausmaert-in-affoltern","og_locale":"de_DE","og_type":"article","og_description":"Auch dieses Jahr sind wir am Chlausm\u00e4rt an der oberen Bahnhofstrasse in Affoltern a.A. pr\u00e4sent. Besuchen sie unseren Stand und kommen Sie \u2026","og_url":"https:\/\/web.gruene-zh.ch\/affoltern\/event\/chlausmaert-in-affoltern","og_site_name":"GR\u00dcNE Affoltern","article_modified_time":"2025-12-01T08:17:24+00:00","twitter_card":"summary_large_image","twitter_misc":{"Gesch\u00e4tzte Lesezeit":"1\u00a0Minute"},"schema":{"@context":"https:\/\/schema.org","@graph":[{"@type":"WebPage","@id":"https:\/\/web.gruene-zh.ch\/affoltern\/event\/chlausmaert-in-affoltern","url":"https:\/\/web.gruene-zh.ch\/affoltern\/event\/chlausmaert-in-affoltern","name":"","isPartOf":{"@id":"https:\/\/web.gruene-zh.ch\/affoltern\/#website"},"datePublished":"2025-11-01T09:40:01+00:00","dateModified":"2025-12-01T08:17:24+00:00","description":"Auch dieses Jahr sind wir am Chlausm\u00e4rt an der oberen Bahnhofstrasse in Affoltern a.A. pr\u00e4sent. \u2022 Besuchen sie unseren Stand und kommen Sie mit uns ins Gespr\u00e4ch \u2022 Lernen Sie unseren Stadtratskandidaten Stefan Kessler kennen. \u2022 Die beliebte Chugelibahn erfreut Klein und Gross &nbsp;","breadcrumb":{"@id":"https:\/\/web.gruene-zh.ch\/affoltern\/event\/chlausmaert-in-affoltern#breadcrumb"},"inLanguage":"de","potentialAction":[{"@type":"ReadAction","target":["https:\/\/web.gruene-zh.ch\/affoltern\/event\/chlausmaert-in-affoltern"]}]},{"@type":"BreadcrumbList","@id":"https:\/\/web.gruene-zh.ch\/affoltern\/event\/chlausmaert-in-affoltern#breadcrumb","itemListElement":[{"@type":"ListItem","position":1,"name":"Startseite","item":"https:\/\/web.gruene-zh.ch\/affoltern\/"},{"@type":"ListItem","position":2,"name":"Aktuell","item":"https:\/\/web.gruene-zh.ch\/affoltern\/startseite\/aktuell#menu-item-605"},{"@type":"ListItem","position":3,"name":"Agenda"}]},{"@type":"WebSite","@id":"https:\/\/web.gruene-zh.ch\/affoltern\/#website","url":"https:\/\/web.gruene-zh.ch\/affoltern\/","name":"GR\u00dcNE Affoltern","description":"Ein Plus an Lebensqualit\u00e4t. ","potentialAction":[{"@type":"SearchAction","target":{"@type":"EntryPoint","urlTemplate":"https:\/\/web.gruene-zh.ch\/affoltern\/?s={search_term_string}"},"query-input":{"@type":"PropertyValueSpecification","valueRequired":true,"valueName":"search_term_string"}}],"inLanguage":"de"}]}},"_links":{"self":[{"href":"https:\/\/web.gruene-zh.ch\/affoltern\/wp-json\/wp\/v2\/tribe_events\/1451","targetHints":{"allow":["GET"]}}],"collection":[{"href":"https:\/\/web.gruene-zh.ch\/affoltern\/wp-json\/wp\/v2\/tribe_events"}],"about":[{"href":"https:\/\/web.gruene-zh.ch\/affoltern\/wp-json\/wp\/v2\/types\/tribe_events"}],"author":[{"embeddable":true,"href":"https:\/\/web.gruene-zh.ch\/affoltern\/wp-json\/wp\/v2\/users\/52"}],"version-history":[{"count":4,"href":"https:\/\/web.gruene-zh.ch\/affoltern\/wp-json\/wp\/v2\/tribe_events\/1451\/revisions"}],"predecessor-version":[{"id":1487,"href":"https:\/\/web.gruene-zh.ch\/affoltern\/wp-json\/wp\/v2\/tribe_events\/1451\/revisions\/1487"}],"wp:attachment":[{"href":"https:\/\/web.gruene-zh.ch\/affoltern\/wp-json\/wp\/v2\/media?parent=1451"}],"wp:term":[{"taxonomy":"post_tag","embeddable":true,"href":"https:\/\/web.gruene-zh.ch\/affoltern\/wp-json\/wp\/v2\/tags?post=1451"},{"taxonomy":"tribe_events_cat","embeddable":true,"href":"https:\/\/web.gruene-zh.ch\/affoltern\/wp-json\/wp\/v2\/tribe_events_cat?post=1451"}],"curies":[{"name":"wp","href":"https:\/\/api.w.org\/{rel}","templated":true}]}}

Chlausmärt in Affoltern

<p><img loading="lazy" decoding="async" class="alignnone wp-image-1453" src="https://web.gruene-zh.ch/affoltern/wp-content/uploads/sites/24/2025/11/Chlausmaert_2022-4-790x1053.jpg" alt="" width="380" height="507" srcset="https://web.gruene-zh.ch/affoltern/wp-content/uploads/sites/24/2025/11/Chlausmaert_2022-4-790x1053.jpg 790w, https://web.gruene-zh.ch/affoltern/wp-content/uploads/sites/24/2025/11/Chlausmaert_2022-4-1024x1365.jpg 1024w, https://web.gruene-zh.ch/affoltern/wp-content/uploads/sites/24/2025/11/Chlausmaert_2022-4-150x200.jpg 150w, https://web.gruene-zh.ch/affoltern/wp-content/uploads/sites/24/2025/11/Chlausmaert_2022-4-768x1024.jpg 768w, https://web.gruene-zh.ch/affoltern/wp-content/uploads/sites/24/2025/11/Chlausmaert_2022-4-400x533.jpg 400w, https://web.gruene-zh.ch/affoltern/wp-content/uploads/sites/24/2025/11/Chlausmaert_2022-4-1200x1600.jpg 1200w, https://web.gruene-zh.ch/affoltern/wp-content/uploads/sites/24/2025/11/Chlausmaert_2022-4-1580x2107.jpg 1580w, https://web.gruene-zh.ch/affoltern/wp-content/uploads/sites/24/2025/11/Chlausmaert_2022-4-scaled.jpg 1920w" sizes="auto, (max-width: 380px) 100vw, 380px" /></p>
<p>Auch dieses Jahr sind wir am Chlausmärt an der oberen Bahnhofstrasse in Affoltern a.A. präsent.</p>
<ul>
<li>Besuchen sie unseren Stand und kommen Sie mit uns ins Gespräch</li>
<li>Lernen Sie unseren Stadtratskandidaten Stefan Kessler kennen.</li>
<li>Die beliebte Chugelibahn erfreut Klein und Gross</li>
</ul>
<p>&nbsp;</p>

<!-- This site is optimized with the Yoast SEO plugin v26.9 - https://yoast.com/product/yoast-seo-wordpress/ -->
<title>GRÜNE Affoltern</title>
<meta name="description" content="Auch dieses Jahr sind wir am Chlausmärt an der oberen Bahnhofstrasse in Affoltern a.A. präsent.  Besuchen sie unseren Stand und kommen Sie mit uns ins Gespräch Lernen Sie unseren Stadtratskandidaten Stefan Kessler kennen. Die beliebte Chugelibahn erfreut Klein und Gross  &nbsp;" />
<meta name="robots" content="index, follow, max-snippet:-1, max-image-preview:large, max-video-preview:-1" />
<link rel="canonical" href="https://web.gruene-zh.ch/affoltern/event/chlausmaert-in-affoltern" />
<meta property="og:locale" content="de_DE" />
<meta property="og:type" content="article" />
<meta property="og:description" content="Auch dieses Jahr sind wir am Chlausmärt an der oberen Bahnhofstrasse in Affoltern a.A. präsent. Besuchen sie unseren Stand und kommen Sie …" />
<meta property="og:url" content="https://web.gruene-zh.ch/affoltern/event/chlausmaert-in-affoltern" />
<meta property="og:site_name" content="GRÜNE Affoltern" />
<meta property="article:modified_time" content="2025-12-01T08:17:24+00:00" />
<meta name="twitter:card" content="summary_large_image" />
<meta name="twitter:label1" content="Geschätzte Lesezeit" />
	<meta name="twitter:data1" content="1 Minute" />
<script type="application/ld+json" class="yoast-schema-graph">{"@context":"https://schema.org","@graph":[{"@type":"WebPage","@id":"https://web.gruene-zh.ch/affoltern/event/chlausmaert-in-affoltern","url":"https://web.gruene-zh.ch/affoltern/event/chlausmaert-in-affoltern","name":"","isPartOf":{"@id":"https://web.gruene-zh.ch/affoltern/#website"},"datePublished":"2025-11-01T09:40:01+00:00","dateModified":"2025-12-01T08:17:24+00:00","description":"Auch dieses Jahr sind wir am Chlausmärt an der oberen Bahnhofstrasse in Affoltern a.A. präsent. • Besuchen sie unseren Stand und kommen Sie mit uns ins Gespräch • Lernen Sie unseren Stadtratskandidaten Stefan Kessler kennen. • Die beliebte Chugelibahn erfreut Klein und Gross &nbsp;","breadcrumb":{"@id":"https://web.gruene-zh.ch/affoltern/event/chlausmaert-in-affoltern#breadcrumb"},"inLanguage":"de","potentialAction":[{"@type":"ReadAction","target":["https://web.gruene-zh.ch/affoltern/event/chlausmaert-in-affoltern"]}]},{"@type":"BreadcrumbList","@id":"https://web.gruene-zh.ch/affoltern/event/chlausmaert-in-affoltern#breadcrumb","itemListElement":[{"@type":"ListItem","position":1,"name":"Startseite","item":"https://web.gruene-zh.ch/affoltern/"},{"@type":"ListItem","position":2,"name":"Aktuell","item":"https://web.gruene-zh.ch/affoltern/startseite/aktuell#menu-item-605"},{"@type":"ListItem","position":3,"name":"Agenda"}]},{"@type":"WebSite","@id":"https://web.gruene-zh.ch/affoltern/#website","url":"https://web.gruene-zh.ch/affoltern/","name":"GRÜNE Affoltern","description":"Ein Plus an Lebensqualität. ","potentialAction":[{"@type":"SearchAction","target":{"@type":"EntryPoint","urlTemplate":"https://web.gruene-zh.ch/affoltern/?s={search_term_string}"},"query-input":{"@type":"PropertyValueSpecification","valueRequired":true,"valueName":"search_term_string"}}],"inLanguage":"de"}]}</script>
<!-- / Yoast SEO plugin. -->

GRÜNE Affoltern

Auch dieses Jahr sind wir am Chlausmärt an der oberen Bahnhofstrasse in Affoltern a.A. präsent.  Besuchen sie unseren Stand und kommen Sie mit uns ins Gespräch Lernen Sie unseren Stadtratskandidaten Stefan Kessler kennen. Die beliebte Chugelibahn erfreut Klein und Gross  &nbsp;

Auch dieses Jahr sind wir am Chlausmärt an der oberen Bahnhofstrasse in Affoltern a.A. präsent. Besuchen sie unseren Stand und kommen Sie …

Auch dieses Jahr sind wir am Chlausmärt an der oberen Bahnhofstrasse in Affoltern a.A. präsent. • Besuchen sie unseren Stand und kommen Sie mit uns ins Gespräch • Lernen Sie unseren Stadtratskandidaten Stefan Kessler kennen. • Die beliebte Chugelibahn erfreut Klein und Gross &nbsp;

Ein Plus an Lebensqualität.
