{"id":1187,"date":"2025-06-23T11:15:42","date_gmt":"2025-06-23T09:15:42","guid":{"rendered":"https:\/\/web.gruene-zh.ch\/affoltern\/?post_type=tribe_events&#038;p=1187"},"modified":"2025-09-10T14:49:38","modified_gmt":"2025-09-10T12:49:38","slug":"polit-stamm","status":"publish","type":"tribe_events","link":"https:\/\/web.gruene-zh.ch\/affoltern\/event\/polit-stamm","title":{"rendered":"Polit-Stamm Gr\u00fcne und SP; Energiepolitk und Netto Null"},"content":{"rendered":"","protected":false},"excerpt":{"rendered":"<h3><strong>Energiepolitk und Netto Null<\/strong><\/h3>\n<p>Beim monatlichen Polit-Stamm am 10. September geht es um Energie und das Klimaziel 2040 und damit um die Abstimmungsvorlage vom 24. September<\/p>\n<p>Kantonsr\u00e4tin Rosmarie Joss (SP, Dietikon) hat als Mitglied der der vorberatenden Kommission die Vorlage intensiv begleitet. Der Z\u00fcrcher Kantonsrat hat das Klimaziel Netto-Null bis 2040 ins Gesetz geschrieben. Doch die SVP hat das Referendum ergriffen. Jetzt entscheiden wir:<br \/>\nMit Netto-Null 2040 setzen wir auf Investitionen in erneuerbare Energien, bessere Geb\u00e4udeisolation und klimafreundliche Mobilit\u00e4t. So schaffen wir Arbeitspl\u00e4tze, st\u00e4rken die lokale Wirtschaft und sch\u00fctzen unsere Lebensgrundlagen. Wir setzen uns f\u00fcr eine nachhaltige Zukunft ein \u2013 sozial gerecht und \u00f6kologisch sinnvoll.<\/p>\n","protected":false},"author":52,"featured_media":0,"template":"","meta":{"_acf_changed":false,"inline_featured_image":false,"_tribe_events_status":"","_tribe_events_status_reason":"","footnotes":""},"tags":[],"tribe_events_cat":[17],"class_list":["post-1187","tribe_events","type-tribe_events","status-publish","hentry","tribe_events_cat-veranstaltungen","cat_veranstaltungen"],"acf":[],"yoast_head":"<!-- This site is optimized with the Yoast SEO plugin v26.9 - https:\/\/yoast.com\/product\/yoast-seo-wordpress\/ -->\n<title>GR\u00dcNE Affoltern<\/title>\n<meta name=\"description\" content=\"Energiepolitk und Netto Null Beim monatlichen Polit-Stamm am 10. September geht es um Energie und das Klimaziel 2040 und damit um die Abstimmungsvorlage vom 24. September Kantonsr\u00e4tin Rosmarie Joss (SP, Dietikon) hat als Mitglied der der vorberatenden Kommission die Vorlage intensiv begleitet. Der Z\u00fcrcher Kantonsrat hat das Klimaziel Netto-Null bis 2040 ins Gesetz geschrieben. Doch die SVP hat das Referendum ergriffen. Jetzt entscheiden wir: Mit Netto-Null 2040 setzen wir auf Investitionen in erneuerbare Energien, bessere Geb\u00e4udeisolation und klimafreundliche Mobilit\u00e4t. So schaffen wir Arbeitspl\u00e4tze, st\u00e4rken die lokale Wirtschaft und sch\u00fctzen unsere Lebensgrundlagen. Wir setzen uns f\u00fcr eine nachhaltige Zukunft ein \u2013 sozial gerecht und \u00f6kologisch sinnvoll.\" \/>\n<meta name=\"robots\" content=\"index, follow, max-snippet:-1, max-image-preview:large, max-video-preview:-1\" \/>\n<link rel=\"canonical\" href=\"https:\/\/web.gruene-zh.ch\/affoltern\/event\/polit-stamm\" \/>\n<meta property=\"og:locale\" content=\"de_DE\" \/>\n<meta property=\"og:type\" content=\"article\" \/>\n<meta property=\"og:description\" content=\"Energiepolitk und Netto Null Beim monatlichen Polit-Stamm am 10. September geht es um Energie und das Klimaziel 2040 und damit um die \u2026\" \/>\n<meta property=\"og:url\" content=\"https:\/\/web.gruene-zh.ch\/affoltern\/event\/polit-stamm\" \/>\n<meta property=\"og:site_name\" content=\"GR\u00dcNE Affoltern\" \/>\n<meta property=\"article:modified_time\" content=\"2025-09-10T12:49:38+00:00\" \/>\n<meta name=\"twitter:card\" content=\"summary_large_image\" \/>\n<meta name=\"twitter:label1\" content=\"Gesch\u00e4tzte Lesezeit\" \/>\n\t<meta name=\"twitter:data1\" content=\"1\u00a0Minute\" \/>\n<script type=\"application\/ld+json\" class=\"yoast-schema-graph\">{\"@context\":\"https:\/\/schema.org\",\"@graph\":[{\"@type\":\"WebPage\",\"@id\":\"https:\/\/web.gruene-zh.ch\/affoltern\/event\/polit-stamm\",\"url\":\"https:\/\/web.gruene-zh.ch\/affoltern\/event\/polit-stamm\",\"name\":\"\",\"isPartOf\":{\"@id\":\"https:\/\/web.gruene-zh.ch\/affoltern\/#website\"},\"datePublished\":\"2025-06-23T09:15:42+00:00\",\"dateModified\":\"2025-09-10T12:49:38+00:00\",\"description\":\"Energiepolitk und Netto Null Beim monatlichen Polit-Stamm am 10. September geht es um Energie und das Klimaziel 2040 und damit um die Abstimmungsvorlage vom 24. September Kantonsr\u00e4tin Rosmarie Joss (SP, Dietikon) hat als Mitglied der der vorberatenden Kommission die Vorlage intensiv begleitet. Der Z\u00fcrcher Kantonsrat hat das Klimaziel Netto-Null bis 2040 ins Gesetz geschrieben. Doch die SVP hat das Referendum ergriffen. Jetzt entscheiden wir: Mit Netto-Null 2040 setzen wir auf Investitionen in erneuerbare Energien, bessere Geb\u00e4udeisolation und klimafreundliche Mobilit\u00e4t. So schaffen wir Arbeitspl\u00e4tze, st\u00e4rken die lokale Wirtschaft und sch\u00fctzen unsere Lebensgrundlagen. Wir setzen uns f\u00fcr eine nachhaltige Zukunft ein \u2013 sozial gerecht und \u00f6kologisch sinnvoll.\",\"breadcrumb\":{\"@id\":\"https:\/\/web.gruene-zh.ch\/affoltern\/event\/polit-stamm#breadcrumb\"},\"inLanguage\":\"de\",\"potentialAction\":[{\"@type\":\"ReadAction\",\"target\":[\"https:\/\/web.gruene-zh.ch\/affoltern\/event\/polit-stamm\"]}]},{\"@type\":\"BreadcrumbList\",\"@id\":\"https:\/\/web.gruene-zh.ch\/affoltern\/event\/polit-stamm#breadcrumb\",\"itemListElement\":[{\"@type\":\"ListItem\",\"position\":1,\"name\":\"Startseite\",\"item\":\"https:\/\/web.gruene-zh.ch\/affoltern\/\"},{\"@type\":\"ListItem\",\"position\":2,\"name\":\"Aktuell\",\"item\":\"https:\/\/web.gruene-zh.ch\/affoltern\/startseite\/aktuell#menu-item-605\"},{\"@type\":\"ListItem\",\"position\":3,\"name\":\"Agenda\"}]},{\"@type\":\"WebSite\",\"@id\":\"https:\/\/web.gruene-zh.ch\/affoltern\/#website\",\"url\":\"https:\/\/web.gruene-zh.ch\/affoltern\/\",\"name\":\"GR\u00dcNE Affoltern\",\"description\":\"Ein Plus an Lebensqualit\u00e4t. \",\"potentialAction\":[{\"@type\":\"SearchAction\",\"target\":{\"@type\":\"EntryPoint\",\"urlTemplate\":\"https:\/\/web.gruene-zh.ch\/affoltern\/?s={search_term_string}\"},\"query-input\":{\"@type\":\"PropertyValueSpecification\",\"valueRequired\":true,\"valueName\":\"search_term_string\"}}],\"inLanguage\":\"de\"}]}<\/script>\n<!-- \/ Yoast SEO plugin. -->","yoast_head_json":{"title":"GR\u00dcNE Affoltern","description":"Energiepolitk und Netto Null Beim monatlichen Polit-Stamm am 10. September geht es um Energie und das Klimaziel 2040 und damit um die Abstimmungsvorlage vom 24. September Kantonsr\u00e4tin Rosmarie Joss (SP, Dietikon) hat als Mitglied der der vorberatenden Kommission die Vorlage intensiv begleitet. Der Z\u00fcrcher Kantonsrat hat das Klimaziel Netto-Null bis 2040 ins Gesetz geschrieben. Doch die SVP hat das Referendum ergriffen. Jetzt entscheiden wir: Mit Netto-Null 2040 setzen wir auf Investitionen in erneuerbare Energien, bessere Geb\u00e4udeisolation und klimafreundliche Mobilit\u00e4t. So schaffen wir Arbeitspl\u00e4tze, st\u00e4rken die lokale Wirtschaft und sch\u00fctzen unsere Lebensgrundlagen. Wir setzen uns f\u00fcr eine nachhaltige Zukunft ein \u2013 sozial gerecht und \u00f6kologisch sinnvoll.","robots":{"index":"index","follow":"follow","max-snippet":"max-snippet:-1","max-image-preview":"max-image-preview:large","max-video-preview":"max-video-preview:-1"},"canonical":"https:\/\/web.gruene-zh.ch\/affoltern\/event\/polit-stamm","og_locale":"de_DE","og_type":"article","og_description":"Energiepolitk und Netto Null Beim monatlichen Polit-Stamm am 10. September geht es um Energie und das Klimaziel 2040 und damit um die \u2026","og_url":"https:\/\/web.gruene-zh.ch\/affoltern\/event\/polit-stamm","og_site_name":"GR\u00dcNE Affoltern","article_modified_time":"2025-09-10T12:49:38+00:00","twitter_card":"summary_large_image","twitter_misc":{"Gesch\u00e4tzte Lesezeit":"1\u00a0Minute"},"schema":{"@context":"https:\/\/schema.org","@graph":[{"@type":"WebPage","@id":"https:\/\/web.gruene-zh.ch\/affoltern\/event\/polit-stamm","url":"https:\/\/web.gruene-zh.ch\/affoltern\/event\/polit-stamm","name":"","isPartOf":{"@id":"https:\/\/web.gruene-zh.ch\/affoltern\/#website"},"datePublished":"2025-06-23T09:15:42+00:00","dateModified":"2025-09-10T12:49:38+00:00","description":"Energiepolitk und Netto Null Beim monatlichen Polit-Stamm am 10. September geht es um Energie und das Klimaziel 2040 und damit um die Abstimmungsvorlage vom 24. September Kantonsr\u00e4tin Rosmarie Joss (SP, Dietikon) hat als Mitglied der der vorberatenden Kommission die Vorlage intensiv begleitet. Der Z\u00fcrcher Kantonsrat hat das Klimaziel Netto-Null bis 2040 ins Gesetz geschrieben. Doch die SVP hat das Referendum ergriffen. Jetzt entscheiden wir: Mit Netto-Null 2040 setzen wir auf Investitionen in erneuerbare Energien, bessere Geb\u00e4udeisolation und klimafreundliche Mobilit\u00e4t. So schaffen wir Arbeitspl\u00e4tze, st\u00e4rken die lokale Wirtschaft und sch\u00fctzen unsere Lebensgrundlagen. Wir setzen uns f\u00fcr eine nachhaltige Zukunft ein \u2013 sozial gerecht und \u00f6kologisch sinnvoll.","breadcrumb":{"@id":"https:\/\/web.gruene-zh.ch\/affoltern\/event\/polit-stamm#breadcrumb"},"inLanguage":"de","potentialAction":[{"@type":"ReadAction","target":["https:\/\/web.gruene-zh.ch\/affoltern\/event\/polit-stamm"]}]},{"@type":"BreadcrumbList","@id":"https:\/\/web.gruene-zh.ch\/affoltern\/event\/polit-stamm#breadcrumb","itemListElement":[{"@type":"ListItem","position":1,"name":"Startseite","item":"https:\/\/web.gruene-zh.ch\/affoltern\/"},{"@type":"ListItem","position":2,"name":"Aktuell","item":"https:\/\/web.gruene-zh.ch\/affoltern\/startseite\/aktuell#menu-item-605"},{"@type":"ListItem","position":3,"name":"Agenda"}]},{"@type":"WebSite","@id":"https:\/\/web.gruene-zh.ch\/affoltern\/#website","url":"https:\/\/web.gruene-zh.ch\/affoltern\/","name":"GR\u00dcNE Affoltern","description":"Ein Plus an Lebensqualit\u00e4t. ","potentialAction":[{"@type":"SearchAction","target":{"@type":"EntryPoint","urlTemplate":"https:\/\/web.gruene-zh.ch\/affoltern\/?s={search_term_string}"},"query-input":{"@type":"PropertyValueSpecification","valueRequired":true,"valueName":"search_term_string"}}],"inLanguage":"de"}]}},"_links":{"self":[{"href":"https:\/\/web.gruene-zh.ch\/affoltern\/wp-json\/wp\/v2\/tribe_events\/1187","targetHints":{"allow":["GET"]}}],"collection":[{"href":"https:\/\/web.gruene-zh.ch\/affoltern\/wp-json\/wp\/v2\/tribe_events"}],"about":[{"href":"https:\/\/web.gruene-zh.ch\/affoltern\/wp-json\/wp\/v2\/types\/tribe_events"}],"author":[{"embeddable":true,"href":"https:\/\/web.gruene-zh.ch\/affoltern\/wp-json\/wp\/v2\/users\/52"}],"version-history":[{"count":4,"href":"https:\/\/web.gruene-zh.ch\/affoltern\/wp-json\/wp\/v2\/tribe_events\/1187\/revisions"}],"predecessor-version":[{"id":1309,"href":"https:\/\/web.gruene-zh.ch\/affoltern\/wp-json\/wp\/v2\/tribe_events\/1187\/revisions\/1309"}],"wp:attachment":[{"href":"https:\/\/web.gruene-zh.ch\/affoltern\/wp-json\/wp\/v2\/media?parent=1187"}],"wp:term":[{"taxonomy":"post_tag","embeddable":true,"href":"https:\/\/web.gruene-zh.ch\/affoltern\/wp-json\/wp\/v2\/tags?post=1187"},{"taxonomy":"tribe_events_cat","embeddable":true,"href":"https:\/\/web.gruene-zh.ch\/affoltern\/wp-json\/wp\/v2\/tribe_events_cat?post=1187"}],"curies":[{"name":"wp","href":"https:\/\/api.w.org\/{rel}","templated":true}]}}

Polit-Stamm Grüne und SP; Energiepolitk und Netto Null

<h3><strong>Energiepolitk und Netto Null</strong></h3>
<p>Beim monatlichen Polit-Stamm am 10. September geht es um Energie und das Klimaziel 2040 und damit um die Abstimmungsvorlage vom 24. September</p>
<p>Kantonsrätin Rosmarie Joss (SP, Dietikon) hat als Mitglied der der vorberatenden Kommission die Vorlage intensiv begleitet. Der Zürcher Kantonsrat hat das Klimaziel Netto-Null bis 2040 ins Gesetz geschrieben. Doch die SVP hat das Referendum ergriffen. Jetzt entscheiden wir:<br />
Mit Netto-Null 2040 setzen wir auf Investitionen in erneuerbare Energien, bessere Gebäudeisolation und klimafreundliche Mobilität. So schaffen wir Arbeitsplätze, stärken die lokale Wirtschaft und schützen unsere Lebensgrundlagen. Wir setzen uns für eine nachhaltige Zukunft ein – sozial gerecht und ökologisch sinnvoll.</p>

<!-- This site is optimized with the Yoast SEO plugin v26.9 - https://yoast.com/product/yoast-seo-wordpress/ -->
<title>GRÜNE Affoltern</title>
<meta name="description" content="Energiepolitk und Netto Null Beim monatlichen Polit-Stamm am 10. September geht es um Energie und das Klimaziel 2040 und damit um die Abstimmungsvorlage vom 24. September Kantonsrätin Rosmarie Joss (SP, Dietikon) hat als Mitglied der der vorberatenden Kommission die Vorlage intensiv begleitet. Der Zürcher Kantonsrat hat das Klimaziel Netto-Null bis 2040 ins Gesetz geschrieben. Doch die SVP hat das Referendum ergriffen. Jetzt entscheiden wir: Mit Netto-Null 2040 setzen wir auf Investitionen in erneuerbare Energien, bessere Gebäudeisolation und klimafreundliche Mobilität. So schaffen wir Arbeitsplätze, stärken die lokale Wirtschaft und schützen unsere Lebensgrundlagen. Wir setzen uns für eine nachhaltige Zukunft ein – sozial gerecht und ökologisch sinnvoll." />
<meta name="robots" content="index, follow, max-snippet:-1, max-image-preview:large, max-video-preview:-1" />
<link rel="canonical" href="https://web.gruene-zh.ch/affoltern/event/polit-stamm" />
<meta property="og:locale" content="de_DE" />
<meta property="og:type" content="article" />
<meta property="og:description" content="Energiepolitk und Netto Null Beim monatlichen Polit-Stamm am 10. September geht es um Energie und das Klimaziel 2040 und damit um die …" />
<meta property="og:url" content="https://web.gruene-zh.ch/affoltern/event/polit-stamm" />
<meta property="og:site_name" content="GRÜNE Affoltern" />
<meta property="article:modified_time" content="2025-09-10T12:49:38+00:00" />
<meta name="twitter:card" content="summary_large_image" />
<meta name="twitter:label1" content="Geschätzte Lesezeit" />
	<meta name="twitter:data1" content="1 Minute" />
<script type="application/ld+json" class="yoast-schema-graph">{"@context":"https://schema.org","@graph":[{"@type":"WebPage","@id":"https://web.gruene-zh.ch/affoltern/event/polit-stamm","url":"https://web.gruene-zh.ch/affoltern/event/polit-stamm","name":"","isPartOf":{"@id":"https://web.gruene-zh.ch/affoltern/#website"},"datePublished":"2025-06-23T09:15:42+00:00","dateModified":"2025-09-10T12:49:38+00:00","description":"Energiepolitk und Netto Null Beim monatlichen Polit-Stamm am 10. September geht es um Energie und das Klimaziel 2040 und damit um die Abstimmungsvorlage vom 24. September Kantonsrätin Rosmarie Joss (SP, Dietikon) hat als Mitglied der der vorberatenden Kommission die Vorlage intensiv begleitet. Der Zürcher Kantonsrat hat das Klimaziel Netto-Null bis 2040 ins Gesetz geschrieben. Doch die SVP hat das Referendum ergriffen. Jetzt entscheiden wir: Mit Netto-Null 2040 setzen wir auf Investitionen in erneuerbare Energien, bessere Gebäudeisolation und klimafreundliche Mobilität. So schaffen wir Arbeitsplätze, stärken die lokale Wirtschaft und schützen unsere Lebensgrundlagen. Wir setzen uns für eine nachhaltige Zukunft ein – sozial gerecht und ökologisch sinnvoll.","breadcrumb":{"@id":"https://web.gruene-zh.ch/affoltern/event/polit-stamm#breadcrumb"},"inLanguage":"de","potentialAction":[{"@type":"ReadAction","target":["https://web.gruene-zh.ch/affoltern/event/polit-stamm"]}]},{"@type":"BreadcrumbList","@id":"https://web.gruene-zh.ch/affoltern/event/polit-stamm#breadcrumb","itemListElement":[{"@type":"ListItem","position":1,"name":"Startseite","item":"https://web.gruene-zh.ch/affoltern/"},{"@type":"ListItem","position":2,"name":"Aktuell","item":"https://web.gruene-zh.ch/affoltern/startseite/aktuell#menu-item-605"},{"@type":"ListItem","position":3,"name":"Agenda"}]},{"@type":"WebSite","@id":"https://web.gruene-zh.ch/affoltern/#website","url":"https://web.gruene-zh.ch/affoltern/","name":"GRÜNE Affoltern","description":"Ein Plus an Lebensqualität. ","potentialAction":[{"@type":"SearchAction","target":{"@type":"EntryPoint","urlTemplate":"https://web.gruene-zh.ch/affoltern/?s={search_term_string}"},"query-input":{"@type":"PropertyValueSpecification","valueRequired":true,"valueName":"search_term_string"}}],"inLanguage":"de"}]}</script>
<!-- / Yoast SEO plugin. -->

GRÜNE Affoltern

Energiepolitk und Netto Null Beim monatlichen Polit-Stamm am 10. September geht es um Energie und das Klimaziel 2040 und damit um die Abstimmungsvorlage vom 24. September Kantonsrätin Rosmarie Joss (SP, Dietikon) hat als Mitglied der der vorberatenden Kommission die Vorlage intensiv begleitet. Der Zürcher Kantonsrat hat das Klimaziel Netto-Null bis 2040 ins Gesetz geschrieben. Doch die SVP hat das Referendum ergriffen. Jetzt entscheiden wir: Mit Netto-Null 2040 setzen wir auf Investitionen in erneuerbare Energien, bessere Gebäudeisolation und klimafreundliche Mobilität. So schaffen wir Arbeitsplätze, stärken die lokale Wirtschaft und schützen unsere Lebensgrundlagen. Wir setzen uns für eine nachhaltige Zukunft ein – sozial gerecht und ökologisch sinnvoll.

Ein Plus an Lebensqualität.
