{"id":1133,"date":"2025-06-08T21:27:44","date_gmt":"2025-06-08T19:27:44","guid":{"rendered":"https:\/\/web.gruene-zh.ch\/affoltern\/?post_type=tribe_events&#038;p=1133"},"modified":"2025-07-24T18:28:05","modified_gmt":"2025-07-24T16:28:05","slug":"1133","status":"publish","type":"tribe_events","link":"https:\/\/web.gruene-zh.ch\/affoltern\/event\/1133","title":{"rendered":"Polit-Stamm Gr\u00fcne und SP"},"content":{"rendered":"","protected":false},"excerpt":{"rendered":"<p>Beim monatlichen Polit-Stamm im Juli geht es um die Wohnungsnot.<\/p>\n<p>Der Wohnungsmarkt funktioniert nicht mehr. Die Mietpreise steigen stetig, und bezahlbarer Wohnraum ist nicht mehr zu finden \u2013 l\u00e4ngst nicht mehr nur in Z\u00fcrich, sondern auch im S\u00e4uliamt. Was l\u00e4uft auf kantonaler Ebene, was auf Ebene Bezirk.<\/p>\n<p>Das neue Format ist partei\u00fcbergreifend organisiert.<br \/>\nWeitere Daten: 11. Sept., 8. Okt<\/p>\n","protected":false},"author":52,"featured_media":0,"template":"","meta":{"_acf_changed":false,"inline_featured_image":false,"_tribe_events_status":"","_tribe_events_status_reason":"","footnotes":""},"tags":[],"tribe_events_cat":[17],"class_list":["post-1133","tribe_events","type-tribe_events","status-publish","hentry","tribe_events_cat-veranstaltungen","cat_veranstaltungen"],"acf":[],"yoast_head":"<!-- This site is optimized with the Yoast SEO plugin v26.9 - https:\/\/yoast.com\/product\/yoast-seo-wordpress\/ -->\n<title>GR\u00dcNE Affoltern<\/title>\n<meta name=\"description\" content=\"Beim monatlichen Polit-Stamm im Juli geht es um die Wohnungsnot. Der Wohnungsmarkt funktioniert nicht mehr. Die Mietpreise steigen stetig, und bezahlbarer Wohnraum ist nicht mehr zu finden \u2013 l\u00e4ngst nicht mehr nur in Z\u00fcrich, sondern auch im S\u00e4uliamt. Was l\u00e4uft auf kantonaler Ebene, was auf Ebene Bezirk. Das neue Format ist partei\u00fcbergreifend organisiert. Weitere Daten: 11. Sept., 8. Okt\" \/>\n<meta name=\"robots\" content=\"index, follow, max-snippet:-1, max-image-preview:large, max-video-preview:-1\" \/>\n<link rel=\"canonical\" href=\"https:\/\/web.gruene-zh.ch\/affoltern\/event\/1133\" \/>\n<meta property=\"og:locale\" content=\"de_DE\" \/>\n<meta property=\"og:type\" content=\"article\" \/>\n<meta property=\"og:description\" content=\"Beim monatlichen Polit-Stamm im Juli geht es um die Wohnungsnot. Der Wohnungsmarkt funktioniert nicht mehr. Die Mietpreise steigen stetig, \u2026\" \/>\n<meta property=\"og:url\" content=\"https:\/\/web.gruene-zh.ch\/affoltern\/event\/1133\" \/>\n<meta property=\"og:site_name\" content=\"GR\u00dcNE Affoltern\" \/>\n<meta property=\"article:modified_time\" content=\"2025-07-24T16:28:05+00:00\" \/>\n<meta name=\"twitter:card\" content=\"summary_large_image\" \/>\n<meta name=\"twitter:label1\" content=\"Gesch\u00e4tzte Lesezeit\" \/>\n\t<meta name=\"twitter:data1\" content=\"1\u00a0Minute\" \/>\n<script type=\"application\/ld+json\" class=\"yoast-schema-graph\">{\"@context\":\"https:\/\/schema.org\",\"@graph\":[{\"@type\":\"WebPage\",\"@id\":\"https:\/\/web.gruene-zh.ch\/affoltern\/event\/1133\",\"url\":\"https:\/\/web.gruene-zh.ch\/affoltern\/event\/1133\",\"name\":\"\",\"isPartOf\":{\"@id\":\"https:\/\/web.gruene-zh.ch\/affoltern\/#website\"},\"datePublished\":\"2025-06-08T19:27:44+00:00\",\"dateModified\":\"2025-07-24T16:28:05+00:00\",\"description\":\"Beim monatlichen Polit-Stamm im Juli geht es um die Wohnungsnot. Der Wohnungsmarkt funktioniert nicht mehr. Die Mietpreise steigen stetig, und bezahlbarer Wohnraum ist nicht mehr zu finden \u2013 l\u00e4ngst nicht mehr nur in Z\u00fcrich, sondern auch im S\u00e4uliamt. Was l\u00e4uft auf kantonaler Ebene, was auf Ebene Bezirk. Das neue Format ist partei\u00fcbergreifend organisiert. Weitere Daten: 11. Sept., 8. Okt\",\"breadcrumb\":{\"@id\":\"https:\/\/web.gruene-zh.ch\/affoltern\/event\/1133#breadcrumb\"},\"inLanguage\":\"de\",\"potentialAction\":[{\"@type\":\"ReadAction\",\"target\":[\"https:\/\/web.gruene-zh.ch\/affoltern\/event\/1133\"]}]},{\"@type\":\"BreadcrumbList\",\"@id\":\"https:\/\/web.gruene-zh.ch\/affoltern\/event\/1133#breadcrumb\",\"itemListElement\":[{\"@type\":\"ListItem\",\"position\":1,\"name\":\"Startseite\",\"item\":\"https:\/\/web.gruene-zh.ch\/affoltern\/\"},{\"@type\":\"ListItem\",\"position\":2,\"name\":\"Aktuell\",\"item\":\"https:\/\/web.gruene-zh.ch\/affoltern\/startseite\/aktuell#menu-item-605\"},{\"@type\":\"ListItem\",\"position\":3,\"name\":\"Agenda\"}]},{\"@type\":\"WebSite\",\"@id\":\"https:\/\/web.gruene-zh.ch\/affoltern\/#website\",\"url\":\"https:\/\/web.gruene-zh.ch\/affoltern\/\",\"name\":\"GR\u00dcNE Affoltern\",\"description\":\"Ein Plus an Lebensqualit\u00e4t. \",\"potentialAction\":[{\"@type\":\"SearchAction\",\"target\":{\"@type\":\"EntryPoint\",\"urlTemplate\":\"https:\/\/web.gruene-zh.ch\/affoltern\/?s={search_term_string}\"},\"query-input\":{\"@type\":\"PropertyValueSpecification\",\"valueRequired\":true,\"valueName\":\"search_term_string\"}}],\"inLanguage\":\"de\"}]}<\/script>\n<!-- \/ Yoast SEO plugin. -->","yoast_head_json":{"title":"GR\u00dcNE Affoltern","description":"Beim monatlichen Polit-Stamm im Juli geht es um die Wohnungsnot. Der Wohnungsmarkt funktioniert nicht mehr. Die Mietpreise steigen stetig, und bezahlbarer Wohnraum ist nicht mehr zu finden \u2013 l\u00e4ngst nicht mehr nur in Z\u00fcrich, sondern auch im S\u00e4uliamt. Was l\u00e4uft auf kantonaler Ebene, was auf Ebene Bezirk. Das neue Format ist partei\u00fcbergreifend organisiert. Weitere Daten: 11. Sept., 8. Okt","robots":{"index":"index","follow":"follow","max-snippet":"max-snippet:-1","max-image-preview":"max-image-preview:large","max-video-preview":"max-video-preview:-1"},"canonical":"https:\/\/web.gruene-zh.ch\/affoltern\/event\/1133","og_locale":"de_DE","og_type":"article","og_description":"Beim monatlichen Polit-Stamm im Juli geht es um die Wohnungsnot. Der Wohnungsmarkt funktioniert nicht mehr. Die Mietpreise steigen stetig, \u2026","og_url":"https:\/\/web.gruene-zh.ch\/affoltern\/event\/1133","og_site_name":"GR\u00dcNE Affoltern","article_modified_time":"2025-07-24T16:28:05+00:00","twitter_card":"summary_large_image","twitter_misc":{"Gesch\u00e4tzte Lesezeit":"1\u00a0Minute"},"schema":{"@context":"https:\/\/schema.org","@graph":[{"@type":"WebPage","@id":"https:\/\/web.gruene-zh.ch\/affoltern\/event\/1133","url":"https:\/\/web.gruene-zh.ch\/affoltern\/event\/1133","name":"","isPartOf":{"@id":"https:\/\/web.gruene-zh.ch\/affoltern\/#website"},"datePublished":"2025-06-08T19:27:44+00:00","dateModified":"2025-07-24T16:28:05+00:00","description":"Beim monatlichen Polit-Stamm im Juli geht es um die Wohnungsnot. Der Wohnungsmarkt funktioniert nicht mehr. Die Mietpreise steigen stetig, und bezahlbarer Wohnraum ist nicht mehr zu finden \u2013 l\u00e4ngst nicht mehr nur in Z\u00fcrich, sondern auch im S\u00e4uliamt. Was l\u00e4uft auf kantonaler Ebene, was auf Ebene Bezirk. Das neue Format ist partei\u00fcbergreifend organisiert. Weitere Daten: 11. Sept., 8. Okt","breadcrumb":{"@id":"https:\/\/web.gruene-zh.ch\/affoltern\/event\/1133#breadcrumb"},"inLanguage":"de","potentialAction":[{"@type":"ReadAction","target":["https:\/\/web.gruene-zh.ch\/affoltern\/event\/1133"]}]},{"@type":"BreadcrumbList","@id":"https:\/\/web.gruene-zh.ch\/affoltern\/event\/1133#breadcrumb","itemListElement":[{"@type":"ListItem","position":1,"name":"Startseite","item":"https:\/\/web.gruene-zh.ch\/affoltern\/"},{"@type":"ListItem","position":2,"name":"Aktuell","item":"https:\/\/web.gruene-zh.ch\/affoltern\/startseite\/aktuell#menu-item-605"},{"@type":"ListItem","position":3,"name":"Agenda"}]},{"@type":"WebSite","@id":"https:\/\/web.gruene-zh.ch\/affoltern\/#website","url":"https:\/\/web.gruene-zh.ch\/affoltern\/","name":"GR\u00dcNE Affoltern","description":"Ein Plus an Lebensqualit\u00e4t. ","potentialAction":[{"@type":"SearchAction","target":{"@type":"EntryPoint","urlTemplate":"https:\/\/web.gruene-zh.ch\/affoltern\/?s={search_term_string}"},"query-input":{"@type":"PropertyValueSpecification","valueRequired":true,"valueName":"search_term_string"}}],"inLanguage":"de"}]}},"_links":{"self":[{"href":"https:\/\/web.gruene-zh.ch\/affoltern\/wp-json\/wp\/v2\/tribe_events\/1133","targetHints":{"allow":["GET"]}}],"collection":[{"href":"https:\/\/web.gruene-zh.ch\/affoltern\/wp-json\/wp\/v2\/tribe_events"}],"about":[{"href":"https:\/\/web.gruene-zh.ch\/affoltern\/wp-json\/wp\/v2\/types\/tribe_events"}],"author":[{"embeddable":true,"href":"https:\/\/web.gruene-zh.ch\/affoltern\/wp-json\/wp\/v2\/users\/52"}],"version-history":[{"count":4,"href":"https:\/\/web.gruene-zh.ch\/affoltern\/wp-json\/wp\/v2\/tribe_events\/1133\/revisions"}],"predecessor-version":[{"id":1173,"href":"https:\/\/web.gruene-zh.ch\/affoltern\/wp-json\/wp\/v2\/tribe_events\/1133\/revisions\/1173"}],"wp:attachment":[{"href":"https:\/\/web.gruene-zh.ch\/affoltern\/wp-json\/wp\/v2\/media?parent=1133"}],"wp:term":[{"taxonomy":"post_tag","embeddable":true,"href":"https:\/\/web.gruene-zh.ch\/affoltern\/wp-json\/wp\/v2\/tags?post=1133"},{"taxonomy":"tribe_events_cat","embeddable":true,"href":"https:\/\/web.gruene-zh.ch\/affoltern\/wp-json\/wp\/v2\/tribe_events_cat?post=1133"}],"curies":[{"name":"wp","href":"https:\/\/api.w.org\/{rel}","templated":true}]}}

Polit-Stamm Grüne und SP

<p>Beim monatlichen Polit-Stamm im Juli geht es um die Wohnungsnot.</p>
<p>Der Wohnungsmarkt funktioniert nicht mehr. Die Mietpreise steigen stetig, und bezahlbarer Wohnraum ist nicht mehr zu finden – längst nicht mehr nur in Zürich, sondern auch im Säuliamt. Was läuft auf kantonaler Ebene, was auf Ebene Bezirk.</p>
<p>Das neue Format ist parteiübergreifend organisiert.<br />
Weitere Daten: 11. Sept., 8. Okt</p>

<!-- This site is optimized with the Yoast SEO plugin v26.9 - https://yoast.com/product/yoast-seo-wordpress/ -->
<title>GRÜNE Affoltern</title>
<meta name="description" content="Beim monatlichen Polit-Stamm im Juli geht es um die Wohnungsnot. Der Wohnungsmarkt funktioniert nicht mehr. Die Mietpreise steigen stetig, und bezahlbarer Wohnraum ist nicht mehr zu finden – längst nicht mehr nur in Zürich, sondern auch im Säuliamt. Was läuft auf kantonaler Ebene, was auf Ebene Bezirk. Das neue Format ist parteiübergreifend organisiert. Weitere Daten: 11. Sept., 8. Okt" />
<meta name="robots" content="index, follow, max-snippet:-1, max-image-preview:large, max-video-preview:-1" />
<link rel="canonical" href="https://web.gruene-zh.ch/affoltern/event/1133" />
<meta property="og:locale" content="de_DE" />
<meta property="og:type" content="article" />
<meta property="og:description" content="Beim monatlichen Polit-Stamm im Juli geht es um die Wohnungsnot. Der Wohnungsmarkt funktioniert nicht mehr. Die Mietpreise steigen stetig, …" />
<meta property="og:url" content="https://web.gruene-zh.ch/affoltern/event/1133" />
<meta property="og:site_name" content="GRÜNE Affoltern" />
<meta property="article:modified_time" content="2025-07-24T16:28:05+00:00" />
<meta name="twitter:card" content="summary_large_image" />
<meta name="twitter:label1" content="Geschätzte Lesezeit" />
	<meta name="twitter:data1" content="1 Minute" />
<script type="application/ld+json" class="yoast-schema-graph">{"@context":"https://schema.org","@graph":[{"@type":"WebPage","@id":"https://web.gruene-zh.ch/affoltern/event/1133","url":"https://web.gruene-zh.ch/affoltern/event/1133","name":"","isPartOf":{"@id":"https://web.gruene-zh.ch/affoltern/#website"},"datePublished":"2025-06-08T19:27:44+00:00","dateModified":"2025-07-24T16:28:05+00:00","description":"Beim monatlichen Polit-Stamm im Juli geht es um die Wohnungsnot. Der Wohnungsmarkt funktioniert nicht mehr. Die Mietpreise steigen stetig, und bezahlbarer Wohnraum ist nicht mehr zu finden – längst nicht mehr nur in Zürich, sondern auch im Säuliamt. Was läuft auf kantonaler Ebene, was auf Ebene Bezirk. Das neue Format ist parteiübergreifend organisiert. Weitere Daten: 11. Sept., 8. Okt","breadcrumb":{"@id":"https://web.gruene-zh.ch/affoltern/event/1133#breadcrumb"},"inLanguage":"de","potentialAction":[{"@type":"ReadAction","target":["https://web.gruene-zh.ch/affoltern/event/1133"]}]},{"@type":"BreadcrumbList","@id":"https://web.gruene-zh.ch/affoltern/event/1133#breadcrumb","itemListElement":[{"@type":"ListItem","position":1,"name":"Startseite","item":"https://web.gruene-zh.ch/affoltern/"},{"@type":"ListItem","position":2,"name":"Aktuell","item":"https://web.gruene-zh.ch/affoltern/startseite/aktuell#menu-item-605"},{"@type":"ListItem","position":3,"name":"Agenda"}]},{"@type":"WebSite","@id":"https://web.gruene-zh.ch/affoltern/#website","url":"https://web.gruene-zh.ch/affoltern/","name":"GRÜNE Affoltern","description":"Ein Plus an Lebensqualität. ","potentialAction":[{"@type":"SearchAction","target":{"@type":"EntryPoint","urlTemplate":"https://web.gruene-zh.ch/affoltern/?s={search_term_string}"},"query-input":{"@type":"PropertyValueSpecification","valueRequired":true,"valueName":"search_term_string"}}],"inLanguage":"de"}]}</script>
<!-- / Yoast SEO plugin. -->

GRÜNE Affoltern

Beim monatlichen Polit-Stamm im Juli geht es um die Wohnungsnot. Der Wohnungsmarkt funktioniert nicht mehr. Die Mietpreise steigen stetig, und bezahlbarer Wohnraum ist nicht mehr zu finden – längst nicht mehr nur in Zürich, sondern auch im Säuliamt. Was läuft auf kantonaler Ebene, was auf Ebene Bezirk. Das neue Format ist parteiübergreifend organisiert. Weitere Daten: 11. Sept., 8. Okt

Ein Plus an Lebensqualität.
